{"id":104,"date":"2018-04-03T18:10:37","date_gmt":"2018-04-03T18:10:37","guid":{"rendered":"https:\/\/prometeo.work\/?page_id=104"},"modified":"2025-03-27T12:26:52","modified_gmt":"2025-03-27T07:26:52","slug":"premios","status":"publish","type":"page","link":"https:\/\/colombianistas.org\/wordpress\/index.php\/congresos\/premios\/","title":{"rendered":"Premios"},"content":{"rendered":"\n<div class=\"wp-block-group\"><div class=\"wp-block-group__inner-container is-layout-flow wp-block-group-is-layout-flow\">\n<p class=\"has-text-align-center has-vivid-red-color has-text-color has-large-font-size\"><strong>Colombias posibles<\/strong><\/p>\n\n\n\n<p class=\"has-text-align-center\" style=\"font-size:16px\"><strong>XXIV Congreso de la Asociaci\u00f3n de Colombianistas<\/strong><\/p>\n\n\n\n<p class=\"has-text-align-center\"><strong><strong>8 al 10 de octubre de 2025 \u2013 Formato virtual<\/strong><\/strong><\/p>\n<\/div><\/div>\n\n\n\n<div style=\"height:40px\" aria-hidden=\"true\" class=\"wp-block-spacer\"><\/div>\n\n\n\n<p class=\"has-text-align-center has-vivid-red-color has-text-color has-background\" style=\"background-color:#abb7c263\"><a href=\"https:\/\/colombianistas.org\/wordpress\/index.php\/2024\/07\/17\/premio-asociacion-de-colombianistas-xxiii-congreso\/\">GANADORES <strong>Premio Asociaci\u00f3n de Colombianistas<\/strong> DURANTE NUESTRO \u00daLTIMO CONGRESO<\/a><\/p>\n\n\n\n<div style=\"height:40px\" aria-hidden=\"true\" class=\"wp-block-spacer\"><\/div>\n\n\n\n<p class=\"has-drop-cap\">Durante el congreso, la asociaci\u00f3n otorgar\u00e1 el Premio Asociaci\u00f3n de Colombianistas a las mejores tesis de m\u00e1ster y de doctorado cuyos temas se inscriban en las tem\u00e1ticas de investigaci\u00f3n de la asociaci\u00f3n. Para concursar, los trabajos deben estar redactados en espa\u00f1ol o ingl\u00e9s, y deben haber sido sustentados durante los a\u00f1os calendarios 2023 o 2024. Las\/los autoras\/es interesadas\/os deben haber pagado los derechos de membres\u00eda de la asociaci\u00f3n para la consideraci\u00f3n de su manuscrito al premio correspondiente.<br><br>Asimismo, la asociaci\u00f3n otorga el Premio Asociaci\u00f3n de Colombianistas al mejor libro\/volumen monogr\u00e1fico y a la mejor direcci\u00f3n de libro colectivo\/volumen colectivo: estos trabajos deben haber sido publicados durante los a\u00f1os calendarios 2023 o 2024. Las\/los autoras\/es interesadas\/os deben haber pagado los derechos de membres\u00eda de la asociaci\u00f3n para la consideraci\u00f3n de su manuscrito al premio correspondiente.<br><br>Para participar en cualquiera de las cuatro categor\u00edas, una versi\u00f3n PDF en un solo documento del trabajo de final de estudios o del libro\/volumen debe ser enviada antes del 13 de abril de 2025 a la direcci\u00f3n de correo electr\u00f3nico conferenciacolombianistas2025@gmail.com, y la membres\u00eda debe ser pagada a trav\u00e9s del portal de pagos en la p\u00e1gina web de la asociaci\u00f3n: www.colombianistas.org.<br>Los premios incluyen un certificado de entrega y un reconocimiento financiero (monto por definir seg\u00fan el n\u00famero de candidaturas recibidas). El veredicto del jurado ser\u00e1 anunciado en la asamblea general de la asociaci\u00f3n, que se celebrar\u00e1 durante el XXIV Congreso.<br><br>Nota: tesis de m\u00e1ster y de doctorado, libro monogr\u00e1fico o libro colectivo que haya participado en un anterior concurso para los Premios Colombianistas, no ser\u00e1 tomado en cuenta en el presente concurso.<\/p>\n\n\n\n<p><\/p>\n\n\n\n<hr class=\"wp-block-separator has-css-opacity\"\/>\n\n\n\n<div style=\"height:55px\" aria-hidden=\"true\" class=\"wp-block-spacer\"><\/div>\n\n\n\n<p><span style=\"font-weight: 400;\">Los invitamos a hacer sus donaciones a la Asociaci\u00f3n de Colombianistas en nuestra p\u00e1gina, con los cuales se apoyar\u00e1 el viaje de estudiantes graduados que asistan a futuros congresos presenciales, as\u00ed como los premios de la Asociaci\u00f3n. Todas las donaciones son deducibles de impuestos en los Estados Unidos.<\/span><\/p>\n","protected":false},"excerpt":{"rendered":"<p>GANADORES Premio Asociaci\u00f3n de Colombianistas DURANTE NUESTRO \u00daLTIMO CONGRESO Durante el congreso, la asociaci\u00f3n otorgar\u00e1 el Premio Asociaci\u00f3n de Colombianistas a las mejores tesis de m\u00e1ster y de doctorado cuyos temas se inscriban en las tem\u00e1ticas de investigaci\u00f3n de la asociaci\u00f3n. Para concursar, los trabajos deben estar redactados en espa\u00f1ol o ingl\u00e9s, y deben haber sido sustentados durante los a\u00f1os calendarios 2023 o 2024. Las\/los autoras\/es interesadas\/os deben haber pagado los derechos de membres\u00eda de la asociaci\u00f3n para la consideraci\u00f3n de su manuscrito al premio correspondiente. Asimismo, la asociaci\u00f3n otorga el Premio Asociaci\u00f3n de Colombianistas al mejor libro\/volumen monogr\u00e1fico y&#8230; <\/p>\n","protected":false},"author":20,"featured_media":0,"parent":32,"menu_order":0,"comment_status":"closed","ping_status":"closed","template":"template-no-sidebar.php","meta":{"footnotes":""},"class_list":["post-104","page","type-page","status-publish","hentry"],"_links":{"self":[{"href":"https:\/\/colombianistas.org\/wordpress\/index.php\/wp-json\/wp\/v2\/pages\/104"}],"collection":[{"href":"https:\/\/colombianistas.org\/wordpress\/index.php\/wp-json\/wp\/v2\/pages"}],"about":[{"href":"https:\/\/colombianistas.org\/wordpress\/index.php\/wp-json\/wp\/v2\/types\/page"}],"author":[{"embeddable":true,"href":"https:\/\/colombianistas.org\/wordpress\/index.php\/wp-json\/wp\/v2\/users\/20"}],"replies":[{"embeddable":true,"href":"https:\/\/colombianistas.org\/wordpress\/index.php\/wp-json\/wp\/v2\/comments?post=104"}],"version-history":[{"count":41,"href":"https:\/\/colombianistas.org\/wordpress\/index.php\/wp-json\/wp\/v2\/pages\/104\/revisions"}],"predecessor-version":[{"id":3210,"href":"https:\/\/colombianistas.org\/wordpress\/index.php\/wp-json\/wp\/v2\/pages\/104\/revisions\/3210"}],"up":[{"embeddable":true,"href":"https:\/\/colombianistas.org\/wordpress\/index.php\/wp-json\/wp\/v2\/pages\/32"}],"wp:attachment":[{"href":"https:\/\/colombianistas.org\/wordpress\/index.php\/wp-json\/wp\/v2\/media?parent=104"}],"curies":[{"name":"wp","href":"https:\/\/api.w.org\/{rel}","templated":true}]}}