{"id":1087,"date":"2018-07-12T03:40:49","date_gmt":"2018-07-11T22:40:49","guid":{"rendered":"https:\/\/prometeo.work\/?page_id=1087"},"modified":"2023-08-14T20:55:34","modified_gmt":"2023-08-14T15:55:34","slug":"boletines","status":"publish","type":"page","link":"https:\/\/colombianistas.org\/wordpress\/index.php\/miembros\/boletines\/","title":{"rendered":"Boletines"},"content":{"rendered":"<p><a href=\"https:\/\/colombianistas.org\/wp-content\/uploads\/2018\/07\/RV-Boleti\u0301n.pdf\">Boleti\u0301n del 10 de enero de 2018 en pdf<\/a><\/p>\n<p><!--\n\n[wpmem_logged_out]<br \/>\nEste contenido est\u00e1 disponible \u00fanicamente para miembros Si usted es un miembro, por favor inicie una sesi\u00f3n. Si quiere volverse miembro de la Asociaci\u00f3n lo puede hacer m\u00e1s abajo.<br \/>\n[\/wpmem_logged_out]\n\n\n\n\n[wpmem_form login]<\/p>\n\n\n\n\n<p><a href=\"https:\/\/colombianistas.org\/wp-content\/uploads\/2018\/07\/RV-Boleti\u0301n.pdf\">Boleti\u0301n del 10 de enero de 2018 en pdf<\/a><\/p>\n\n\n\n\n<p>[\/wpmem_form]\n\n\n\n\n[wpmem_logged_out]<\/p>\n\n\n\n\n<h2>[wpmem_reg_link]<\/h2>\n\n\n\n\n<p>[\/wpmem_logged_out]\n\n\n\n\n<h2><\/h2>\n\n--&gt;--><\/p>\n\n\n<p><\/p>\n","protected":false},"excerpt":{"rendered":"<p>Boleti\u0301n del 10 de enero de 2018 en pdf<\/p>\n","protected":false},"author":20,"featured_media":0,"parent":34,"menu_order":0,"comment_status":"closed","ping_status":"closed","template":"template-no-sidebar.php","meta":{"footnotes":""},"class_list":["post-1087","page","type-page","status-publish","hentry"],"_links":{"self":[{"href":"https:\/\/colombianistas.org\/wordpress\/index.php\/wp-json\/wp\/v2\/pages\/1087"}],"collection":[{"href":"https:\/\/colombianistas.org\/wordpress\/index.php\/wp-json\/wp\/v2\/pages"}],"about":[{"href":"https:\/\/colombianistas.org\/wordpress\/index.php\/wp-json\/wp\/v2\/types\/page"}],"author":[{"embeddable":true,"href":"https:\/\/colombianistas.org\/wordpress\/index.php\/wp-json\/wp\/v2\/users\/20"}],"replies":[{"embeddable":true,"href":"https:\/\/colombianistas.org\/wordpress\/index.php\/wp-json\/wp\/v2\/comments?post=1087"}],"version-history":[{"count":9,"href":"https:\/\/colombianistas.org\/wordpress\/index.php\/wp-json\/wp\/v2\/pages\/1087\/revisions"}],"predecessor-version":[{"id":2673,"href":"https:\/\/colombianistas.org\/wordpress\/index.php\/wp-json\/wp\/v2\/pages\/1087\/revisions\/2673"}],"up":[{"embeddable":true,"href":"https:\/\/colombianistas.org\/wordpress\/index.php\/wp-json\/wp\/v2\/pages\/34"}],"wp:attachment":[{"href":"https:\/\/colombianistas.org\/wordpress\/index.php\/wp-json\/wp\/v2\/media?parent=1087"}],"curies":[{"name":"wp","href":"https:\/\/api.w.org\/{rel}","templated":true}]}}