{"id":1090,"date":"2018-07-12T03:43:14","date_gmt":"2018-07-11T22:43:14","guid":{"rendered":"https:\/\/prometeo.work\/?page_id=1090"},"modified":"2023-08-14T20:55:29","modified_gmt":"2023-08-14T15:55:29","slug":"documentos-legales","status":"publish","type":"page","link":"https:\/\/colombianistas.org\/wordpress\/index.php\/miembros\/documentos-legales\/","title":{"rendered":"Documentos"},"content":{"rendered":"<p><a href=\"https:\/\/colombianistas.org\/wp-content\/uploads\/2018\/07\/01-Bylaws.pdf\">01-Bylaws.pdf<\/a><\/p>\n<p><!--\n\n\n\n\n[wpmem_logged_out]<br \/>Este contenido est\u00e1 disponible \u00fanicamente para miembros Si usted es un miembro, por favor inicie una sesi\u00f3n. Si quiere volverse miembro de la Asociaci\u00f3n lo puede hacer m\u00e1s abajo.<br \/>[\/wpmem_logged_out]\n\n\n\n\n\n\n\n\n[wpmem_form login]<\/p>\n\n\n\n\n\n\n\n\n<p><a href=\"https:\/\/colombianistas.org\/wp-content\/uploads\/2018\/07\/01-Bylaws.pdf\">01-Bylaws.pdf<\/a><\/p>\n\n\n\n\n\n\n\n\n<p>[\/wpmem_form]\n\n\n\n\n\n\n\n\n[wpmem_logged_out]<\/p>\n\n\n\n\n\n\n\n\n<h2>[wpmem_reg_link]<\/h2>\n\n\n\n\n\n\n\n\n<p>[\/wpmem_logged_out]\n\n\n\n--><\/p>\n\n\n<p><\/p>\n","protected":false},"excerpt":{"rendered":"<p>01-Bylaws.pdf<\/p>\n","protected":false},"author":20,"featured_media":0,"parent":34,"menu_order":0,"comment_status":"closed","ping_status":"closed","template":"template-no-sidebar.php","meta":{"footnotes":""},"class_list":["post-1090","page","type-page","status-publish","hentry"],"_links":{"self":[{"href":"https:\/\/colombianistas.org\/wordpress\/index.php\/wp-json\/wp\/v2\/pages\/1090"}],"collection":[{"href":"https:\/\/colombianistas.org\/wordpress\/index.php\/wp-json\/wp\/v2\/pages"}],"about":[{"href":"https:\/\/colombianistas.org\/wordpress\/index.php\/wp-json\/wp\/v2\/types\/page"}],"author":[{"embeddable":true,"href":"https:\/\/colombianistas.org\/wordpress\/index.php\/wp-json\/wp\/v2\/users\/20"}],"replies":[{"embeddable":true,"href":"https:\/\/colombianistas.org\/wordpress\/index.php\/wp-json\/wp\/v2\/comments?post=1090"}],"version-history":[{"count":11,"href":"https:\/\/colombianistas.org\/wordpress\/index.php\/wp-json\/wp\/v2\/pages\/1090\/revisions"}],"predecessor-version":[{"id":2665,"href":"https:\/\/colombianistas.org\/wordpress\/index.php\/wp-json\/wp\/v2\/pages\/1090\/revisions\/2665"}],"up":[{"embeddable":true,"href":"https:\/\/colombianistas.org\/wordpress\/index.php\/wp-json\/wp\/v2\/pages\/34"}],"wp:attachment":[{"href":"https:\/\/colombianistas.org\/wordpress\/index.php\/wp-json\/wp\/v2\/media?parent=1090"}],"curies":[{"name":"wp","href":"https:\/\/api.w.org\/{rel}","templated":true}]}}