{"id":1214,"date":"2018-07-19T01:49:01","date_gmt":"2018-07-18T20:49:01","guid":{"rendered":"https:\/\/prometeo.work\/?page_id=1214"},"modified":"2021-07-02T02:52:53","modified_gmt":"2021-07-01T21:52:53","slug":"enlaces","status":"publish","type":"page","link":"https:\/\/colombianistas.org\/wordpress\/index.php\/biblioteca-colombianista\/enlaces\/","title":{"rendered":"Enlaces"},"content":{"rendered":"<ul>\n<li><a href=\"https:\/\/colombianistas.org\/index.php\/bibliteca-colombianista\/enlaces\/archivos-y-bibliotecas\/\"><strong>Archivos y bibliotecas<\/strong><\/a><\/li>\n<li><a href=\"https:\/\/colombianistas.org\/index.php\/bibliteca-colombianista\/enlaces\/asociaciones-y-redes-academicas\/\"><strong>Asociaciones y redes acad\u00e9micas<\/strong><\/a><\/li>\n<li><a href=\"https:\/\/colombianistas.org\/index.php\/bibliteca-colombianista\/enlaces\/programas-de-maestria-y-doctorado\/\"><strong>Programas de maestr\u00eda y doctorado <\/strong><\/a><\/li>\n<li><a href=\"https:\/\/colombianistas.org\/index.php\/bibliteca-colombianista\/enlaces\/revistas-culturales-y-literarias\/\"><strong>Revistas culturales y literarias<\/strong><\/a><\/li>\n<li><a href=\"https:\/\/colombianistas.org\/index.php\/bibliteca-colombianista\/enlaces\/revistas-academicas\/\"><strong>Revistas acad\u00e9micas<\/strong><\/a><\/li>\n<\/ul>\n","protected":false},"excerpt":{"rendered":"<p>Archivos y bibliotecas Asociaciones y redes acad\u00e9micas Programas de maestr\u00eda y doctorado Revistas culturales y literarias Revistas acad\u00e9micas<\/p>\n","protected":false},"author":20,"featured_media":0,"parent":41,"menu_order":0,"comment_status":"closed","ping_status":"closed","template":"","meta":{"footnotes":""},"class_list":["post-1214","page","type-page","status-publish","hentry"],"_links":{"self":[{"href":"https:\/\/colombianistas.org\/wordpress\/index.php\/wp-json\/wp\/v2\/pages\/1214"}],"collection":[{"href":"https:\/\/colombianistas.org\/wordpress\/index.php\/wp-json\/wp\/v2\/pages"}],"about":[{"href":"https:\/\/colombianistas.org\/wordpress\/index.php\/wp-json\/wp\/v2\/types\/page"}],"author":[{"embeddable":true,"href":"https:\/\/colombianistas.org\/wordpress\/index.php\/wp-json\/wp\/v2\/users\/20"}],"replies":[{"embeddable":true,"href":"https:\/\/colombianistas.org\/wordpress\/index.php\/wp-json\/wp\/v2\/comments?post=1214"}],"version-history":[{"count":6,"href":"https:\/\/colombianistas.org\/wordpress\/index.php\/wp-json\/wp\/v2\/pages\/1214\/revisions"}],"predecessor-version":[{"id":2007,"href":"https:\/\/colombianistas.org\/wordpress\/index.php\/wp-json\/wp\/v2\/pages\/1214\/revisions\/2007"}],"up":[{"embeddable":true,"href":"https:\/\/colombianistas.org\/wordpress\/index.php\/wp-json\/wp\/v2\/pages\/41"}],"wp:attachment":[{"href":"https:\/\/colombianistas.org\/wordpress\/index.php\/wp-json\/wp\/v2\/media?parent=1214"}],"curies":[{"name":"wp","href":"https:\/\/api.w.org\/{rel}","templated":true}]}}