{"id":1304,"date":"2018-07-24T20:38:50","date_gmt":"2018-07-24T15:38:50","guid":{"rendered":"https:\/\/colombianistas.org\/?page_id=1304"},"modified":"2025-03-11T06:38:03","modified_gmt":"2025-03-11T01:38:03","slug":"perfil-del-usuario","status":"publish","type":"page","link":"https:\/\/colombianistas.org\/wordpress\/index.php\/perfil-del-usuario\/","title":{"rendered":"Perfil del usuario"},"content":{"rendered":"<p><strong>Le damos la bienvenida a su p\u00e1gina de informaci\u00f3n personal.<\/strong><\/p>\n<p>En esta p\u00e1gina, encontrar\u00e1 toda la informaci\u00f3n relevante de su perfil. Aqu\u00ed puede editar sus datos personales, cambiar su contrase\u00f1a, renovar su membres\u00eda, entre otras funciones.<\/p>\n<p>Utilice los enlaces a continuaci\u00f3n para realizar las acciones que desee.<\/p>\n<div id=\"wpmem_login\"><a id=\"login\"><\/a><form action=\"https:\/\/colombianistas.org\/wordpress\/index.php\/perfil-del-usuario\/\" method=\"POST\" id=\"wpmem_login_form\" class=\"form\"><input type=\"hidden\" id=\"_wpmem_login_nonce\" name=\"_wpmem_login_nonce\" value=\"5fb7e749b7\" \/><input type=\"hidden\" name=\"_wp_http_referer\" value=\"\/wordpress\/index.php\/wp-json\/wp\/v2\/pages\/1304\" \/><fieldset><legend>Existing Users Log In<\/legend><label for=\"log\">Username or Email<\/label><div class=\"div_text\"><input name=\"log\" type=\"text\" id=\"log\" value=\"\" class=\"username\" required  \/><\/div><label for=\"pwd\">Password<\/label><div class=\"div_text\"><input name=\"pwd\" type=\"password\" id=\"pwd\" class=\"password\" required  \/><\/div><input name=\"a\" type=\"hidden\" value=\"login\" \/><input name=\"redirect_to\" type=\"hidden\" value=\"https:\/\/colombianistas.org\/wordpress\/index.php\/perfil-del-usuario\/\" \/><div class=\"button_div\"><input name=\"rememberme\" type=\"checkbox\" id=\"rememberme\" value=\"forever\" \/>&nbsp;<label for=\"rememberme\">Remember Me<\/label>&nbsp;&nbsp;<input type=\"submit\" name=\"Submit\" value=\"Log In\" class=\"buttons\" \/><\/div><div class=\"link-text\"><span class=\"link-text-forgot\">Forgot password?&nbsp;<a href=\"https:\/\/colombianistas.org\/wordpress\/index.php\/perfil-del-usuario\/?a=pwdreset\">Click here to reset<\/a><\/span><\/div><div class=\"link-text\"><span class=\"link-text-register\">New User?&nbsp;<a href=\"https:\/\/colombianistas.org\/wordpress\/index.php\/registro\/\">Click here to register<\/a><\/span><\/div><\/fieldset><\/form><\/div><div id=\"wpmem_reg\"><a id=\"register\"><\/a><form name=\"form\" method=\"post\" action=\"https:\/\/colombianistas.org\/wordpress\/index.php\/perfil-del-usuario\/\" id=\"wpmem_register_form\" class=\"form\"><input type=\"hidden\" id=\"_wpmem_register_nonce\" name=\"_wpmem_register_nonce\" value=\"3b1cce24dd\" \/><input type=\"hidden\" name=\"_wp_http_referer\" value=\"\/wordpress\/index.php\/wp-json\/wp\/v2\/pages\/1304\" \/><fieldset><legend>New User Registration<\/legend><label for=\"username\" class=\"text\">Seleccione un nombre de usuario<span class=\"req\">*<\/span><\/label><div class=\"div_text\"><input name=\"username\" type=\"text\" id=\"username\" value=\"\" class=\"textbox\" required  \/><\/div><label for=\"first_name\" class=\"text\">Nombre<span class=\"req\">*<\/span><\/label><div class=\"div_text\"><input name=\"first_name\" type=\"text\" id=\"first_name\" value=\"\" class=\"textbox\" required  \/><\/div><label for=\"last_name\" class=\"text\">Apellido<span class=\"req\">*<\/span><\/label><div class=\"div_text\"><input name=\"last_name\" type=\"text\" id=\"last_name\" value=\"\" class=\"textbox\" required  \/><\/div><label for=\"cargo\" class=\"text\">Cargo<\/label><div class=\"div_text\"><input name=\"cargo\" type=\"text\" id=\"cargo\" value=\"\" class=\"textbox\" \/><\/div><label for=\"user_email\" class=\"text\">Email<span class=\"req\">*<\/span><\/label><div class=\"div_text\"><input name=\"user_email\" type=\"email\" id=\"user_email\" value=\"\" class=\"textbox\" required  \/><\/div><label for=\"institucion\" class=\"text\">Instituci\u00f3n<span class=\"req\">*<\/span><\/label><div class=\"div_text\"><input name=\"institucion\" type=\"text\" id=\"institucion\" value=\"\" class=\"textbox\" required  \/><\/div><label for=\"country\" class=\"text\">Pa\u00eds<span class=\"req\">*<\/span><\/label><div class=\"div_text\"><input name=\"country\" type=\"text\" id=\"country\" value=\"\" class=\"textbox\" required  \/><\/div><label for=\"subscription_type\" class=\"select\">Tipo de membres\u00eda<span class=\"req\">*<\/span><\/label><div class=\"div_select\"><select name=\"subscription_type\" id=\"subscription_type\" class=\"dropdown\" required ><option value=\"\">---- Seleccione una opci\u00f3n  ----<\/option><option value=\"opcion1\">Membres\u00eda - Estudiantes (M\u00e1ster\/Doctorado)<\/option><option value=\"opcion2\">Membres\u00eda - Investigadoras\/es independientes<\/option><option value=\"opcion3\">Membres\u00eda - Docentes e investigadoras\/es en Colombia o en Latinoam\u00e9rica<\/option><option value=\"opcion4\">Membres\u00eda - Docentes e investigadoras\/es fuera de Colombia y Latinoam\u00e9rica<\/option><option value=\"opcion5\">Membres\u00eda + Congreso - Estudiantes (M\u00e1ster\/Doctorado)<\/option><option value=\"opcion6\">Membres\u00eda + Congreso - Investigadoras\/es independientes<\/option><option value=\"opcion7\">Membres\u00eda + Congreso - Docentes e investigadoras\/es en Colombia o en Latinoam\u00e9rica<\/option><option value=\"opcion8\">Membres\u00eda + Congreso - Docentes e investigadoras\/es fuera de Colombia y Latinoam\u00e9rica<\/option><option value=\"opcion9\">Solo pago de Congreso - todas las categor\u00edas<\/option><option value=\"\"><\/option><\/select><\/div><div class=\"clear\"><\/div><div class=\"captcha\"><script src=\"https:\/\/www.google.com\/recaptcha\/api.js\" async defer><\/script><div class=\"g-recaptcha\" data-sitekey=\"6Ld5ivIqAAAAAKQh_3cWLGgjGN0m7srx0PB8r4GK\"><\/div><\/div><input name=\"a\" type=\"hidden\" value=\"register\" \/><input name=\"wpmem_reg_page\" type=\"hidden\" value=\"https:\/\/colombianistas.org\/wordpress\/index.php\/perfil-del-usuario\/\" \/><div class=\"button_div\"><input name=\"submit\" type=\"submit\" value=\"Register\" class=\"buttons\" \/><\/div><div class=\"req-text\"><span class=\"req\">*<\/span>Required field<\/div><\/fieldset><\/form><\/div>\n","protected":false},"excerpt":{"rendered":"<p>Le damos la bienvenida a su p\u00e1gina de informaci\u00f3n personal. En esta p\u00e1gina, encontrar\u00e1 toda la informaci\u00f3n relevante de su perfil. Aqu\u00ed puede editar sus datos personales, cambiar su contrase\u00f1a, renovar su membres\u00eda, entre otras funciones. Utilice los enlaces a continuaci\u00f3n para realizar las acciones que desee.<\/p>\n","protected":false},"author":20,"featured_media":0,"parent":0,"menu_order":0,"comment_status":"closed","ping_status":"closed","template":"template-no-sidebar.php","meta":{"footnotes":""},"class_list":["post-1304","page","type-page","status-publish","hentry"],"_links":{"self":[{"href":"https:\/\/colombianistas.org\/wordpress\/index.php\/wp-json\/wp\/v2\/pages\/1304"}],"collection":[{"href":"https:\/\/colombianistas.org\/wordpress\/index.php\/wp-json\/wp\/v2\/pages"}],"about":[{"href":"https:\/\/colombianistas.org\/wordpress\/index.php\/wp-json\/wp\/v2\/types\/page"}],"author":[{"embeddable":true,"href":"https:\/\/colombianistas.org\/wordpress\/index.php\/wp-json\/wp\/v2\/users\/20"}],"replies":[{"embeddable":true,"href":"https:\/\/colombianistas.org\/wordpress\/index.php\/wp-json\/wp\/v2\/comments?post=1304"}],"version-history":[{"count":7,"href":"https:\/\/colombianistas.org\/wordpress\/index.php\/wp-json\/wp\/v2\/pages\/1304\/revisions"}],"predecessor-version":[{"id":3177,"href":"https:\/\/colombianistas.org\/wordpress\/index.php\/wp-json\/wp\/v2\/pages\/1304\/revisions\/3177"}],"wp:attachment":[{"href":"https:\/\/colombianistas.org\/wordpress\/index.php\/wp-json\/wp\/v2\/media?parent=1304"}],"curies":[{"name":"wp","href":"https:\/\/api.w.org\/{rel}","templated":true}]}}