{"id":154,"date":"2018-05-18T01:31:48","date_gmt":"2018-05-18T01:31:48","guid":{"rendered":"https:\/\/prometeo.work\/?page_id=154"},"modified":"2023-10-03T20:35:02","modified_gmt":"2023-10-03T15:35:02","slug":"revista-de-estudios-colombianos-n46","status":"publish","type":"page","link":"https:\/\/colombianistas.org\/wordpress\/index.php\/revistas-anteriores\/revista-de-estudios-colombianos-n46\/","title":{"rendered":"REVISTA DE ESTUDIOS COLOMBIANOS N\u00b046"},"content":{"rendered":"<h6 style=\"padding-left: 30px;\">julio-diciembre de 2015<\/h6>\n<p style=\"padding-left: 30px;\"><a href=\"\/wordpress\/wp-content\/themes\/pleasant\/REC\/REC%2046\/Cr%c3%a9ditos\/46_2_InsideCover.pdf\" target=\"_blank\" rel=\"noopener\"><strong>Cr\u00e9ditos<\/strong><\/a><\/p>\n<p style=\"padding-left: 30px;\"><strong><a href=\"\/wordpress\/wp-content\/themes\/pleasant\/REC\/REC%2046\/Presentaci%c3%b3n\/46_4_Presentacion.pdf\" target=\"_blank\" rel=\"noopener\">Presentaci\u00f3n<\/a><br \/>\n<\/strong>Michael J. LaRosa<\/p>\n<p style=\"padding-left: 30px;\"><a href=\"\/wordpress\/wp-content\/themes\/pleasant\/REC\/REC%2046\/El%20oficio%20de%20ge%c3%b3grafa\/46_5_El%20oficio_de_geografa.pdf\" target=\"_blank\" rel=\"noopener\"><strong>El oficio de ge\u00f3grafa<\/strong><\/a><br \/>\nClaudia Leal<\/p>\n<p style=\"padding-left: 30px;\"><a href=\"\/wordpress\/wp-content\/themes\/pleasant\/REC\/REC%2046\/In%20Memoriam\/46_6_In_memoriam.pdf\" target=\"_blank\" rel=\"noopener\"><strong>In Memoriam<\/strong><\/a><br \/>\nRodrigo Saldarriaga: un recuerdo personal<br \/>\nMario Yepes Londo\u00f1o<\/p>\n<p style=\"padding-left: 30px;\"><strong>Ensayos<\/strong><br \/>\n\u2022 <a href=\"\/wordpress\/wp-content\/themes\/pleasant\/REC\/REC%2046\/Ensayos\/46_7_Ensayos_Caceres-Delgadillo.pdf\" target=\"_blank\" rel=\"noopener\">Colombia en la crisis de la modernidad: representaci\u00f3n narrativa en De sobremesa de Jos\u00e9 Asunci\u00f3n Silva<\/a><br \/>\nCarolina C\u00e1ceres-Delgadillo<\/p>\n<p style=\"padding-left: 30px;\">\u2022 <a href=\"\/wordpress\/wp-content\/themes\/pleasant\/REC\/REC%2046\/Ensayos\/46_8_Ensayos_Sanchez-Lopera.pdf\" target=\"_blank\" rel=\"noopener\">En el coraz\u00f3n de la modernidad: nihilismo en La vor\u00e1gine de Jos\u00e9 Eustasio Rivera<\/a><br \/>\nAlejandro S\u00e1nchez Lopera<\/p>\n<p style=\"padding-left: 30px;\">\u2022 <a href=\"\/wordpress\/wp-content\/themes\/pleasant\/REC\/REC%2046\/Ensayos\/46_9_Ensayos_Fuentes.pdf\" target=\"_blank\" rel=\"noopener\">Psychotic Determination in Deliro by Laura Restrepo<\/a><br \/>\nBibiana Fuentes<\/p>\n<p style=\"padding-left: 30px;\">\u2022 <a href=\"\/wordpress\/wp-content\/themes\/pleasant\/REC\/REC%2046\/Ensayos\/46_10_Ensayos_Lawo-Sukam.pdf\" target=\"_blank\" rel=\"noopener\">Est\u00e9ticas decoloniales del peinado afro e interculturalidad: experiencia San Basilio de Palenque, Colombia<\/a><br \/>\nAlain Lawo-Sukam y Gina Morales Acosta<\/p>\n<p style=\"padding-left: 30px;\">\u2022 <a href=\"\/wordpress\/wp-content\/themes\/pleasant\/REC\/REC%2046\/Ensayos\/46_11_Ensayos_Solarte-Gonzalez.pdf\" target=\"_blank\" rel=\"noopener\">Representaci\u00f3n del sujeto femenino en el arte y la literatura de la violencia colombiana<\/a><br \/>\nRuth Nelly Solarte Gonz\u00e1lez<\/p>\n<p style=\"padding-left: 30px;\"><strong>Entrevista<br \/>\n<\/strong>\u2022 <a href=\"\/wordpress\/wp-content\/themes\/pleasant\/REC\/REC%2046\/Entrevista\/46_12_Entrevista_LaRosa.pdf\" target=\"_blank\" rel=\"noopener\">A Conversation with June Carolyn Erlick<\/a><br \/>\nMichael J. LaRosa<\/p>\n<p style=\"padding-left: 30px;\"><strong>Rese\u00f1a-Estudio<br \/>\n<\/strong><a href=\"\/wordpress\/wp-content\/themes\/pleasant\/REC\/REC%2046\/Rese%c3%b1a-Estudio\/46_13_Resena-Estudio_Garcia-Lozada.pdf\" target=\"_blank\" rel=\"noopener\">\u2022 Cajambre: la (re)visita a la sociedad afrocolombiana del Pac\u00edfico<\/a><br \/>\nAntonio Garc\u00eda Lozada<\/p>\n<p style=\"padding-left: 30px;\"><strong>Rese\u00f1as<\/strong><br \/>\n\u2022 <a href=\"\/wordpress\/wp-content\/themes\/pleasant\/REC\/REC%2046\/Rese%c3%b1as\/46_14_Resena_Afanador-Llach.pdf\" target=\"_blank\" rel=\"noopener\">Rese\u00f1as Isidro Vanegas Useche. La Revoluci\u00f3n Neograndina<\/a><br \/>\nMar\u00eda Jos\u00e9 Afanador-Llach<\/p>\n<p style=\"padding-left: 30px;\">\u2022 <a href=\"\/wordpress\/wp-content\/themes\/pleasant\/REC\/REC%2046\/Rese%c3%b1as\/46_15_Resena_Angelo.pdf\" target=\"_blank\" rel=\"noopener\">Jason McGraw. The Work of Recognition: Caribbean Colombia and the Postemancipation Struggle for Citizenship<\/a><br \/>\nPaul J. Angelo<\/p>\n<p style=\"padding-left: 30px;\">\u2022 <a href=\"\/wordpress\/wp-content\/themes\/pleasant\/REC\/REC%2046\/Rese%c3%b1as\/46_16_Resena_Garton.pdf\" target=\"_blank\" rel=\"noopener\">Sergio De La Pava. Personae: A Novel<\/a><br \/>\nTimothy Garton<\/p>\n<p style=\"padding-left: 30px;\">\u2022 <a href=\"\/wordpress\/wp-content\/themes\/pleasant\/REC\/REC%2046\/Rese%c3%b1as\/46_17_Resena_Lugo.pdf\" target=\"_blank\" rel=\"noopener\">Germ\u00e1n Castro Caycedo. La tormenta.<\/a><br \/>\nMary Ann Lugo<\/p>\n<p style=\"padding-left: 30px;\">\u2022 <a href=\"\/wordpress\/wp-content\/themes\/pleasant\/REC\/REC%2046\/Rese%c3%b1as\/46_18_Resena_Abdala-Mesa.pdf\" target=\"_blank\" rel=\"noopener\">Montserrat Ord\u00f3\u00f1ez. La escritura, ese lugar que me acompa\u00f1a (Comp. y ed. por Carolina \u00c1lzate, Betty Osorio y Beatriz Restrepo)<\/a><br \/>\nYohainna Abdala-Mesa<\/p>\n<p style=\"padding-left: 30px;\">\u2022 <a href=\"\/wordpress\/wp-content\/themes\/pleasant\/REC\/REC%2046\/Rese%c3%b1as\/46_19_Resena_Perez-Villa.pdf\" target=\"_blank\" rel=\"noopener\">Nicole von Germeten. Violent Delights, Violent Ends: Sex, Race, and Honor in Colonial Cartagena de Indias<\/a><br \/>\n\u00c1ngela P\u00e9rez-Villa<\/p>\n<p style=\"padding-left: 30px;\">\u2022 <a href=\"\/wordpress\/wp-content\/themes\/pleasant\/REC\/REC%2046\/Rese%c3%b1as\/46_20_Resena_Jaramillo.pdf\" target=\"_blank\" rel=\"noopener\">Pablo Montoya. Tr\u00edptico de la infamia<\/a><br \/>\nMar\u00eda Mercedes Jaramillo<\/p>\n<p style=\"padding-left: 30px;\"><a href=\"\/wordpress\/wp-content\/themes\/pleasant\/REC\/REC%2046\/Colaboradores\/46_21_Colaboradores.pdf\" target=\"_blank\" rel=\"noopener\">Colaboradores<\/a><\/p>\n<p style=\"padding-left: 30px;\"><a href=\"\/wordpress\/wp-content\/themes\/pleasant\/REC\/REC%2046\/Normas%20editoriales\/46_22_Normas%20Editoriales.pdf\" target=\"_blank\" rel=\"noopener\">Normas editoriales<\/a><\/p>\n","protected":false},"excerpt":{"rendered":"<p>julio-diciembre de 2015 Cr\u00e9ditos Presentaci\u00f3n Michael J. LaRosa El oficio de ge\u00f3grafa Claudia Leal In Memoriam Rodrigo Saldarriaga: un recuerdo personal Mario Yepes Londo\u00f1o Ensayos \u2022 Colombia en la crisis de la modernidad: representaci\u00f3n narrativa en De sobremesa de Jos\u00e9 Asunci\u00f3n Silva Carolina C\u00e1ceres-Delgadillo \u2022 En el coraz\u00f3n de la modernidad: nihilismo en La vor\u00e1gine de Jos\u00e9 Eustasio Rivera Alejandro S\u00e1nchez Lopera \u2022 Psychotic Determination in Deliro by Laura Restrepo Bibiana Fuentes \u2022 Est\u00e9ticas decoloniales del peinado afro e interculturalidad: experiencia San Basilio de Palenque, Colombia Alain Lawo-Sukam y Gina Morales Acosta \u2022 Representaci\u00f3n del sujeto femenino en el arte&#8230; <\/p>\n","protected":false},"author":20,"featured_media":0,"parent":52,"menu_order":0,"comment_status":"closed","ping_status":"closed","template":"template-no-sidebar.php","meta":{"footnotes":""},"class_list":["post-154","page","type-page","status-publish","hentry"],"_links":{"self":[{"href":"https:\/\/colombianistas.org\/wordpress\/index.php\/wp-json\/wp\/v2\/pages\/154"}],"collection":[{"href":"https:\/\/colombianistas.org\/wordpress\/index.php\/wp-json\/wp\/v2\/pages"}],"about":[{"href":"https:\/\/colombianistas.org\/wordpress\/index.php\/wp-json\/wp\/v2\/types\/page"}],"author":[{"embeddable":true,"href":"https:\/\/colombianistas.org\/wordpress\/index.php\/wp-json\/wp\/v2\/users\/20"}],"replies":[{"embeddable":true,"href":"https:\/\/colombianistas.org\/wordpress\/index.php\/wp-json\/wp\/v2\/comments?post=154"}],"version-history":[{"count":5,"href":"https:\/\/colombianistas.org\/wordpress\/index.php\/wp-json\/wp\/v2\/pages\/154\/revisions"}],"predecessor-version":[{"id":2740,"href":"https:\/\/colombianistas.org\/wordpress\/index.php\/wp-json\/wp\/v2\/pages\/154\/revisions\/2740"}],"up":[{"embeddable":true,"href":"https:\/\/colombianistas.org\/wordpress\/index.php\/wp-json\/wp\/v2\/pages\/52"}],"wp:attachment":[{"href":"https:\/\/colombianistas.org\/wordpress\/index.php\/wp-json\/wp\/v2\/media?parent=154"}],"curies":[{"name":"wp","href":"https:\/\/api.w.org\/{rel}","templated":true}]}}