{"id":164,"date":"2018-05-18T02:21:51","date_gmt":"2018-05-18T02:21:51","guid":{"rendered":"https:\/\/prometeo.work\/?page_id=164"},"modified":"2023-10-03T20:34:45","modified_gmt":"2023-10-03T15:34:45","slug":"revista-de-estudios-colombianos-n45","status":"publish","type":"page","link":"https:\/\/colombianistas.org\/wordpress\/index.php\/revistas-anteriores\/revista-de-estudios-colombianos-n45\/","title":{"rendered":"REVISTA DE ESTUDIOS COLOMBIANOS N\u00b045"},"content":{"rendered":"<h6 style=\"padding-left: 30px;\">enero-junio de 2015<\/h6>\n<p style=\"padding-left: 30px;\"><a href=\"\/wordpress\/wp-content\/themes\/pleasant\/REC\/REC%2045\/Cr%c3%a9ditos\/REC-45creditos.pdf\" target=\"_blank\" rel=\"noopener\"><strong>Cr\u00e9ditos<\/strong><\/a><\/p>\n<p style=\"padding-left: 30px;\"><strong><a href=\"\/wordpress\/wp-content\/themes\/pleasant\/REC\/REC%2045\/Presentaci%c3%b3n\/45-2-Presentacion.pdf\" target=\"_blank\" rel=\"noopener\">Presentaci\u00f3n<\/a><br \/>\n<\/strong>Explorando los intersticios del mundo colonial Clayton McCarl<\/p>\n<p style=\"padding-left: 30px;\"><a href=\"\/wordpress\/wp-content\/themes\/pleasant\/REC\/REC%2045\/El%20oficio%20de%20historiadora%20de%20la%20colonia\/45-3-Oficio_de_historiadora.pdf\" target=\"_blank\" rel=\"noopener\"><strong>El oficio de historiadora de la colonia<\/strong><\/a><br \/>\nGuiomar Due\u00f1as Vargas<\/p>\n<p style=\"padding-left: 30px;\"><strong>Ensayos<br \/>\n<\/strong>\u2022 <a href=\"\/wordpress\/wp-content\/themes\/pleasant\/REC\/REC%2045\/Ensayos\/45-4-Ensayos_MarreroFente.pdf\" target=\"_blank\" rel=\"noopener\">Pirater\u00eda, historia y \u00e9pica en la Eleg\u00eda XIV de la Primera Parte de las Eleg\u00edas de varones ilustres de Indias (1589) de Juan de Castellanos<\/a><br \/>\nRa\u00fal Marrero-Fente<\/p>\n<p style=\"padding-left: 30px;\">\u2022 <a href=\"\/wordpress\/wp-content\/themes\/pleasant\/REC\/REC%2045\/Ensayos\/45-5-Ensayos_Silva.pdf\" target=\"_blank\" rel=\"noopener\">Conquista del espacio en \u201cRelaci\u00f3n del descubrimiento del R\u00edo Mara\u00f1\u00f3n por Ger\u00f3nimo de Ypori\u201d<\/a><br \/>\nYamile Silva<\/p>\n<p style=\"padding-left: 30px;\">\u2022 <a href=\"\/wordpress\/wp-content\/themes\/pleasant\/REC\/REC%2045\/Ensayos\/45-6-Ensayos_VillateIsaza.pdf\" target=\"_blank\" rel=\"noopener\">Lorenzo\u2019s Devil: Allegory and History in Juan Rodr\u00edguez Freile and Fray Pedro Sim\u00f3n<\/a><br \/>\nAlberto Villate-Isaza<\/p>\n<p style=\"padding-left: 30px;\">\u2022 <a href=\"\/wordpress\/wp-content\/themes\/pleasant\/REC\/REC%2045\/Ensayos\/45-7-Ensayos_RochaDallos.pdf\" target=\"_blank\" rel=\"noopener\">V\u00e9lez Ladr\u00f3n de Guevara y la integraci\u00f3n\u2014anhelada\u2014del sujeto criollo al sistema colonial neogranadino<\/a><br \/>\nSilvia Juliana Rocha Dallos<\/p>\n<p style=\"padding-left: 30px;\"><strong>Entrevista<\/strong><br \/>\n\u2022 <a href=\"\/wordpress\/wp-content\/themes\/pleasant\/REC\/REC%2045\/Entrevista\/45-8_Entrevista_LaRosa.pdf\" target=\"_blank\" rel=\"noopener\">Entrevista a Margarita Garrido<\/a><br \/>\nMichael J. LaRosa<\/p>\n<p style=\"padding-left: 30px;\"><strong>Rese\u00f1as<br \/>\n<\/strong>\u2022 <a href=\"\/wordpress\/wp-content\/themes\/pleasant\/REC\/REC%2045\/Rese%c3%b1as\/45-9-Resenas_MartinezPinzon.pdf\" target=\"_blank\" rel=\"noopener\">Joanne Rappaport. The Disappearing Mestizo: Configuring Difference in the Colonial New Kingdom of Granada.<\/a><br \/>\nFelipe Mart\u00ednez-Pinz\u00f3n<\/p>\n<p style=\"padding-left: 30px;\">\u2022 <a href=\"\/wordpress\/wp-content\/themes\/pleasant\/REC\/REC%2045\/Rese%c3%b1as\/45-10-Resenas_Florez.pdf\" target=\"_blank\" rel=\"noopener\">Mabel Paola L\u00f3pez Jerez. Las conyugicidas de la Nueva Granada. Trasgresi\u00f3n de un viejo ideal de mujer (1780-1830).<\/a><br \/>\n\u00c9rica Vanessa Fl\u00f3rez Fl\u00f3rez<\/p>\n<p style=\"padding-left: 30px;\">\u2022 <a href=\"\/wordpress\/wp-content\/themes\/pleasant\/REC\/REC%2045\/Rese%c3%b1as\/45-11-Resenas-Osorio.pdf\" target=\"_blank\" rel=\"noopener\">Luis Fernando Restrepo. El Estado impostor. Apropiaciones literarias y culturales de la memoria de los muiscas y la Am\u00e9rica Latina.<\/a><br \/>\nBetty Osorio<\/p>\n<p style=\"padding-left: 30px;\">\u2022 <a href=\"\/wordpress\/wp-content\/themes\/pleasant\/REC\/REC%2045\/Rese%c3%b1as\/45-12-Resenas_PerezVilla.pdf\" target=\"_blank\" rel=\"noopener\">Gregorio Saldarriaga. Alimentaci\u00f3n e identidades en el Nuevo Reino de Granada, siglos XVI y XVII.<\/a><br \/>\n\u00c1ngela P\u00e9rez-Villa<\/p>\n<p style=\"padding-left: 30px;\">\u2022 <a href=\"\/wordpress\/wp-content\/themes\/pleasant\/REC\/REC%2045\/Rese%c3%b1as\/45-13-Resenas_Lopez.pdf\" target=\"_blank\" rel=\"noopener\">Diana Bonnett, Nelson Fernando Gonz\u00e1lez y Carlos Gustavo Hinestroza, compiladores. Entre el poder, el cambio y el orden social en la Nueva Granada colonial. Estudios de caso.<\/a><br \/>\nCindia L\u00f3pez Arango<\/p>\n<p style=\"padding-left: 30px;\"><a href=\"\/wordpress\/wp-content\/themes\/pleasant\/REC\/REC%2045\/Colaboradores\/45-14-Colaboradores.pdf\" target=\"_blank\" rel=\"noopener\"><strong>Colaboradores<\/strong><\/a><\/p>\n<p style=\"padding-left: 30px;\"><a href=\"\/wordpress\/wp-content\/themes\/pleasant\/REC\/REC%2045\/Normas%20editoriales\/45.15%20-%20Normas%20editoriales.pdf\" target=\"_blank\" rel=\"noopener\"><strong>Normas editoriales (espa\u00f1ol)<\/strong> <\/a>\/ <a href=\"\/wordpress\/wp-content\/themes\/pleasant\/REC\/REC%2045\/Normas%20editoriales\/45.16%20-%20Editorial%20guidelines.pdf\" target=\"_blank\" rel=\"noopener\"><strong>Editorial Guidelines (English)<\/strong><\/a><\/p>\n","protected":false},"excerpt":{"rendered":"<p>enero-junio de 2015 Cr\u00e9ditos Presentaci\u00f3n Explorando los intersticios del mundo colonial Clayton McCarl El oficio de historiadora de la colonia Guiomar Due\u00f1as Vargas Ensayos \u2022 Pirater\u00eda, historia y \u00e9pica en la Eleg\u00eda XIV de la Primera Parte de las Eleg\u00edas de varones ilustres de Indias (1589) de Juan de Castellanos Ra\u00fal Marrero-Fente \u2022 Conquista del espacio en \u201cRelaci\u00f3n del descubrimiento del R\u00edo Mara\u00f1\u00f3n por Ger\u00f3nimo de Ypori\u201d Yamile Silva \u2022 Lorenzo\u2019s Devil: Allegory and History in Juan Rodr\u00edguez Freile and Fray Pedro Sim\u00f3n Alberto Villate-Isaza \u2022 V\u00e9lez Ladr\u00f3n de Guevara y la integraci\u00f3n\u2014anhelada\u2014del sujeto criollo al sistema colonial neogranadino Silvia&#8230; <\/p>\n","protected":false},"author":20,"featured_media":0,"parent":52,"menu_order":0,"comment_status":"closed","ping_status":"closed","template":"template-no-sidebar.php","meta":{"footnotes":""},"class_list":["post-164","page","type-page","status-publish","hentry"],"_links":{"self":[{"href":"https:\/\/colombianistas.org\/wordpress\/index.php\/wp-json\/wp\/v2\/pages\/164"}],"collection":[{"href":"https:\/\/colombianistas.org\/wordpress\/index.php\/wp-json\/wp\/v2\/pages"}],"about":[{"href":"https:\/\/colombianistas.org\/wordpress\/index.php\/wp-json\/wp\/v2\/types\/page"}],"author":[{"embeddable":true,"href":"https:\/\/colombianistas.org\/wordpress\/index.php\/wp-json\/wp\/v2\/users\/20"}],"replies":[{"embeddable":true,"href":"https:\/\/colombianistas.org\/wordpress\/index.php\/wp-json\/wp\/v2\/comments?post=164"}],"version-history":[{"count":3,"href":"https:\/\/colombianistas.org\/wordpress\/index.php\/wp-json\/wp\/v2\/pages\/164\/revisions"}],"predecessor-version":[{"id":2738,"href":"https:\/\/colombianistas.org\/wordpress\/index.php\/wp-json\/wp\/v2\/pages\/164\/revisions\/2738"}],"up":[{"embeddable":true,"href":"https:\/\/colombianistas.org\/wordpress\/index.php\/wp-json\/wp\/v2\/pages\/52"}],"wp:attachment":[{"href":"https:\/\/colombianistas.org\/wordpress\/index.php\/wp-json\/wp\/v2\/media?parent=164"}],"curies":[{"name":"wp","href":"https:\/\/api.w.org\/{rel}","templated":true}]}}