{"id":214,"date":"2018-05-18T23:24:11","date_gmt":"2018-05-18T23:24:11","guid":{"rendered":"https:\/\/prometeo.work\/?page_id=214"},"modified":"2023-10-03T20:19:59","modified_gmt":"2023-10-03T15:19:59","slug":"revista-de-estudios-colombianos-n36","status":"publish","type":"page","link":"https:\/\/colombianistas.org\/wordpress\/index.php\/revistas-anteriores\/revista-de-estudios-colombianos-n36\/","title":{"rendered":"REVISTA DE ESTUDIOS COLOMBIANOS N\u00b036"},"content":{"rendered":"<h6 style=\"padding-left: 30px;\">2010<\/h6>\n<p style=\"padding-left: 30px;\"><a href=\"\/wordpress\/wp-content\/themes\/pleasant\/REC\/REC%2036\/Presentaci%c3%b3n\/2.REC_36_MichaelLaRosa.pdf\" target=\"_blank\" rel=\"noopener\"><strong>Presentaci\u00f3n<\/strong><\/a><br \/>\nMichael LaRosa<\/p>\n<p style=\"padding-left: 30px;\"><a href=\"\/wordpress\/wp-content\/themes\/pleasant\/REC\/REC%2036\/El%20oficio%20del%20lector\/3.REC_36_TicoBraun.pdf\" target=\"_blank\" rel=\"noopener\"><strong>El o\ufb01cio del lector<\/strong><\/a><br \/>\nLeamos juntos. Herbert Tico Braun<\/p>\n<p style=\"padding-left: 30px;\"><strong>Art\u00edculos<br \/>\n<\/strong>\u2022 <a href=\"\/wordpress\/wp-content\/themes\/pleasant\/REC\/REC%2036\/Art%c3%adculos\/4.REC_36_AlfredoMolano.pdf\" target=\"_blank\" rel=\"noopener\">La gente no habla en conceptos, a menos que quiera esconderse.<\/a> Alfredo Molano Bravo<\/p>\n<p style=\"padding-left: 30px;\">\u2022 <a href=\"\/wordpress\/wp-content\/themes\/pleasant\/REC\/REC%2036\/Art%c3%adculos\/5.REC_36_MyriamJimeno.pdf\" target=\"_blank\" rel=\"noopener\">\u00bfHay progreso en Colombia? La \u201cv\u00edctima\u201d y la construcci\u00f3n de comunidades emocionales.<\/a> Myriam Jimeno<\/p>\n<p style=\"padding-left: 30px;\">\u2022 <a href=\"\/wordpress\/wp-content\/themes\/pleasant\/REC\/REC%2036\/Art%c3%adculos\/6.REC_36_JorgOrlanMelo.pdf\" target=\"_blank\" rel=\"noopener\">La idea del progreso en el siglo XIX, ilusiones y desencantos, 1780-1930.<\/a> Jorge Orlando Melo<\/p>\n<p style=\"padding-left: 30px;\">\u2022 <a href=\"\/wordpress\/wp-content\/themes\/pleasant\/REC\/REC%2036\/Art%c3%adculos\/7.REC_36_SvenShuster.pdf\" target=\"_blank\" rel=\"noopener\">Colombia: \u00bfpa\u00eds sin memoria? Pasado y presente de una guerra sin nombre.<\/a> Sven Schuster<\/p>\n<p style=\"padding-left: 30px;\">\u2022 <a href=\"\/wordpress\/wp-content\/themes\/pleasant\/REC\/REC%2036\/Art%c3%adculos\/8.REC_36_TobyWeisslitz.pdf\" target=\"_blank\" rel=\"noopener\">Testimonial Ties and the Space of the Medell\u00edn Comuna in Diario en Medell\u00edn and La Sierra.<\/a> Toby Weisslitz<\/p>\n<p style=\"padding-left: 30px;\"><a href=\"\/wordpress\/wp-content\/themes\/pleasant\/REC\/REC%2036\/Entrevistas\/9.REC_36_CamiloJimenEntrev.pdf\" target=\"_blank\" rel=\"noopener\"><strong>Entrevista<br \/>\n<\/strong>Mauricio Archila.<\/a> Camilo Jim\u00e9nez Alfonso<\/p>\n<p style=\"padding-left: 30px;\"><strong>Rese\u00f1as<br \/>\n\u2022 <\/strong><a href=\"\/wordpress\/wp-content\/themes\/pleasant\/REC\/REC%2036\/Rese%c3%b1as\/10.REC_36_BretTroyan.pdf\" target=\"_blank\" rel=\"noopener\">Mark Chernick, Acuerdo Posible, Soluci\u00f3n negociada al con\ufb02icto armado colombiano.<\/a> Brett Troyan<\/p>\n<p style=\"padding-left: 30px;\">\u2022 <a href=\"\/wordpress\/wp-content\/themes\/pleasant\/REC\/REC%2036\/Rese%c3%b1as\/11.REC_36_RebeccaTally.pdf\" target=\"_blank\" rel=\"noopener\">Myriam Jimeno, Juan Gregorio Palechor: historia de mi vida.<\/a> Rebecca Tally<\/p>\n<p style=\"padding-left: 30px;\">\u2022 <a href=\"\/wordpress\/wp-content\/themes\/pleasant\/REC\/REC%2036\/Rese%c3%b1as\/12.REC_36_AlejandroQuin.pdf\" target=\"_blank\" rel=\"noopener\">Margarita J\u00e1come, La novela sicaresca. Testimonio, sensacionalismo y \ufb01cci\u00f3n.<\/a> Alejandro Quin<\/p>\n<p style=\"padding-left: 30px;\">\u2022 <a href=\"\/wordpress\/wp-content\/themes\/pleasant\/REC\/REC%2036\/Rese%c3%b1as\/13.REC_36_HectorFernandez.pdf\" target=\"_blank\" rel=\"noopener\">Juan Gabriel V\u00e1squez. Los amantes de Todos los Santos.<\/a> H\u00e9ctor Fern\u00e1ndez L\u2019Hoeste<\/p>\n<p style=\"padding-left: 30px;\">\u2022 <a href=\"\/wordpress\/wp-content\/themes\/pleasant\/REC\/REC%2036\/Rese%c3%b1as\/14.REC_36_LinaCuellar.pdf\" target=\"_blank\" rel=\"noopener\">\u00c1ngela Becerra. Ella, que todo lo tuvo.<\/a> Lina Cuellar Wills<\/p>\n<p style=\"padding-left: 30px;\"><a href=\"\/wordpress\/wp-content\/themes\/pleasant\/REC\/REC%2036\/Cr%c3%a9ditos\/1.REC_36_Creditos.pdf\" target=\"_blank\" rel=\"noopener\"><strong>Cr\u00e9ditos<\/strong><\/a><\/p>\n","protected":false},"excerpt":{"rendered":"<p>2010 Presentaci\u00f3n Michael LaRosa El o\ufb01cio del lector Leamos juntos. Herbert Tico Braun Art\u00edculos \u2022 La gente no habla en conceptos, a menos que quiera esconderse. Alfredo Molano Bravo \u2022 \u00bfHay progreso en Colombia? La \u201cv\u00edctima\u201d y la construcci\u00f3n de comunidades emocionales. Myriam Jimeno \u2022 La idea del progreso en el siglo XIX, ilusiones y desencantos, 1780-1930. Jorge Orlando Melo \u2022 Colombia: \u00bfpa\u00eds sin memoria? Pasado y presente de una guerra sin nombre. Sven Schuster \u2022 Testimonial Ties and the Space of the Medell\u00edn Comuna in Diario en Medell\u00edn and La Sierra. Toby Weisslitz Entrevista Mauricio Archila. Camilo Jim\u00e9nez Alfonso&#8230; <\/p>\n","protected":false},"author":20,"featured_media":0,"parent":52,"menu_order":0,"comment_status":"closed","ping_status":"closed","template":"template-no-sidebar.php","meta":{"footnotes":""},"class_list":["post-214","page","type-page","status-publish","hentry"],"_links":{"self":[{"href":"https:\/\/colombianistas.org\/wordpress\/index.php\/wp-json\/wp\/v2\/pages\/214"}],"collection":[{"href":"https:\/\/colombianistas.org\/wordpress\/index.php\/wp-json\/wp\/v2\/pages"}],"about":[{"href":"https:\/\/colombianistas.org\/wordpress\/index.php\/wp-json\/wp\/v2\/types\/page"}],"author":[{"embeddable":true,"href":"https:\/\/colombianistas.org\/wordpress\/index.php\/wp-json\/wp\/v2\/users\/20"}],"replies":[{"embeddable":true,"href":"https:\/\/colombianistas.org\/wordpress\/index.php\/wp-json\/wp\/v2\/comments?post=214"}],"version-history":[{"count":4,"href":"https:\/\/colombianistas.org\/wordpress\/index.php\/wp-json\/wp\/v2\/pages\/214\/revisions"}],"predecessor-version":[{"id":2727,"href":"https:\/\/colombianistas.org\/wordpress\/index.php\/wp-json\/wp\/v2\/pages\/214\/revisions\/2727"}],"up":[{"embeddable":true,"href":"https:\/\/colombianistas.org\/wordpress\/index.php\/wp-json\/wp\/v2\/pages\/52"}],"wp:attachment":[{"href":"https:\/\/colombianistas.org\/wordpress\/index.php\/wp-json\/wp\/v2\/media?parent=214"}],"curies":[{"name":"wp","href":"https:\/\/api.w.org\/{rel}","templated":true}]}}