{"id":235,"date":"2018-05-19T05:12:56","date_gmt":"2018-05-19T00:12:56","guid":{"rendered":"https:\/\/prometeo.work\/?page_id=235"},"modified":"2023-10-03T20:15:45","modified_gmt":"2023-10-03T15:15:45","slug":"revista-de-estudios-colombianos-n31","status":"publish","type":"page","link":"https:\/\/colombianistas.org\/wordpress\/index.php\/revistas-anteriores\/revista-de-estudios-colombianos-n31\/","title":{"rendered":"REVISTA DE ESTUDIOS COLOMBIANOS N\u00b031"},"content":{"rendered":"<h6 style=\"padding-left: 30px;\">2007<\/h6>\n<p style=\"padding-left: 30px;\"><a href=\"\/wordpress\/wp-content\/themes\/pleasant\/REC\/REC%2031\/El%20oficio%20del%20escritor\/2.REC_31_OscarCollazos.pdf\" target=\"_blank\" rel=\"noopener\"><strong>El oficio del escritor<\/strong><\/a><br \/>\nOscar Collazos<\/p>\n<p style=\"padding-left: 30px;\"><strong>Art\u00edculos<br \/>\n<\/strong>\u2022 <a href=\"\/wordpress\/wp-content\/themes\/pleasant\/REC\/REC%2031\/Art%c3%adculos\/3.REC_31_EricVogt.pdf\" target=\"_blank\" rel=\"noopener\">V\u00ednculos b\u00edblicos herm\u00e9ticos: Cien a\u00f1os de soledad y el \u201cReal Arte\u201d.<\/a> Eric W. Vogt<\/p>\n<p style=\"padding-left: 30px;\">\u2022 <a href=\"\/wordpress\/wp-content\/themes\/pleasant\/REC\/REC%2031\/Art%c3%adculos\/4.REC_31_ElviraSanchez.pdf\" target=\"_blank\" rel=\"noopener\">El cofre de los secretos de Marvel Moreno.<\/a> Elvira S\u00e1nchez-Blake<\/p>\n<p style=\"padding-left: 30px;\">\u2022 <a href=\"\/wordpress\/wp-content\/themes\/pleasant\/REC\/REC%2031\/Art%c3%adculos\/5.REC_31_DianaSarabia.pdf\" target=\"_blank\" rel=\"noopener\">El carnaval en la representaci\u00f3n del sicario y el intelectual en La virgen de los sicarios.<\/a> Diana Lucia Sarabia A.<\/p>\n<p style=\"padding-left: 30px;\">\u2022 <a href=\"\/wordpress\/wp-content\/themes\/pleasant\/REC\/REC%2031\/Art%c3%adculos\/6.REC_31_JuanAntSerna.pdf\" target=\"_blank\" rel=\"noopener\">La hibridaci\u00f3n del humor l\u00fadico y de la iron\u00eda como mecanismos de liberaci\u00f3n y de cr\u00edtica en Delirio de Laura Restrepo.<\/a> Juan Antonio Serna<\/p>\n<p style=\"padding-left: 30px;\"><strong>Rese\u00f1as<br \/>\n<\/strong><a href=\"\/wordpress\/wp-content\/themes\/pleasant\/REC\/REC%2031\/Rese%c3%b1as\/7.REC_31_JorgelinaCorbatta.pdf\" target=\"_blank\" rel=\"noopener\">Kevin G. Guerrieri. Palabra, poder y naci\u00f3n: la novela moderna en Colombia de 1896 a 1927.<\/a> Jorgelina Corbatta<\/p>\n<p style=\"padding-left: 30px;\"><strong>Entrevista<\/strong><br \/>\n<a href=\"\/wordpress\/wp-content\/themes\/pleasant\/REC\/REC%2031\/Entrevista\/8.REC_31_JoseOsorioEntrevPalau.pdf\" target=\"_blank\" rel=\"noopener\">Silvio Mart\u00ednez Palau.<\/a> Jos\u00e9 Jes\u00fas Osorio<\/p>\n<p style=\"padding-left: 30px;\"><a href=\"\/wordpress\/wp-content\/themes\/pleasant\/REC\/REC%2031\/Cr%c3%a9ditos\/1.REC_31_Creditos.pdf\" target=\"_blank\" rel=\"noopener\"><strong>Cr\u00e9ditos<\/strong><\/a><\/p>\n","protected":false},"excerpt":{"rendered":"<p>2007 El oficio del escritor Oscar Collazos Art\u00edculos \u2022 V\u00ednculos b\u00edblicos herm\u00e9ticos: Cien a\u00f1os de soledad y el \u201cReal Arte\u201d. Eric W. Vogt \u2022 El cofre de los secretos de Marvel Moreno. Elvira S\u00e1nchez-Blake \u2022 El carnaval en la representaci\u00f3n del sicario y el intelectual en La virgen de los sicarios. Diana Lucia Sarabia A. \u2022 La hibridaci\u00f3n del humor l\u00fadico y de la iron\u00eda como mecanismos de liberaci\u00f3n y de cr\u00edtica en Delirio de Laura Restrepo. Juan Antonio Serna Rese\u00f1as Kevin G. Guerrieri. Palabra, poder y naci\u00f3n: la novela moderna en Colombia de 1896 a 1927. Jorgelina Corbatta Entrevista&#8230; <\/p>\n","protected":false},"author":20,"featured_media":0,"parent":52,"menu_order":0,"comment_status":"closed","ping_status":"closed","template":"template-no-sidebar.php","meta":{"footnotes":""},"class_list":["post-235","page","type-page","status-publish","hentry"],"_links":{"self":[{"href":"https:\/\/colombianistas.org\/wordpress\/index.php\/wp-json\/wp\/v2\/pages\/235"}],"collection":[{"href":"https:\/\/colombianistas.org\/wordpress\/index.php\/wp-json\/wp\/v2\/pages"}],"about":[{"href":"https:\/\/colombianistas.org\/wordpress\/index.php\/wp-json\/wp\/v2\/types\/page"}],"author":[{"embeddable":true,"href":"https:\/\/colombianistas.org\/wordpress\/index.php\/wp-json\/wp\/v2\/users\/20"}],"replies":[{"embeddable":true,"href":"https:\/\/colombianistas.org\/wordpress\/index.php\/wp-json\/wp\/v2\/comments?post=235"}],"version-history":[{"count":4,"href":"https:\/\/colombianistas.org\/wordpress\/index.php\/wp-json\/wp\/v2\/pages\/235\/revisions"}],"predecessor-version":[{"id":2723,"href":"https:\/\/colombianistas.org\/wordpress\/index.php\/wp-json\/wp\/v2\/pages\/235\/revisions\/2723"}],"up":[{"embeddable":true,"href":"https:\/\/colombianistas.org\/wordpress\/index.php\/wp-json\/wp\/v2\/pages\/52"}],"wp:attachment":[{"href":"https:\/\/colombianistas.org\/wordpress\/index.php\/wp-json\/wp\/v2\/media?parent=235"}],"curies":[{"name":"wp","href":"https:\/\/api.w.org\/{rel}","templated":true}]}}