{"id":264,"date":"2018-05-20T10:05:02","date_gmt":"2018-05-20T05:05:02","guid":{"rendered":"https:\/\/prometeo.work\/?page_id=264"},"modified":"2023-10-03T20:00:18","modified_gmt":"2023-10-03T15:00:18","slug":"revista-de-estudios-colombianos-n23-y-24","status":"publish","type":"page","link":"https:\/\/colombianistas.org\/wordpress\/index.php\/revistas-anteriores\/revista-de-estudios-colombianos-n23-y-24\/","title":{"rendered":"REVISTA DE ESTUDIOS COLOMBIANOS N\u00b023 y 24"},"content":{"rendered":"<h6 style=\"padding-left: 30px;\">2002<\/h6>\n<p style=\"text-align: center; padding-left: 30px;\"><strong>Memorias del XII Congreso de Colombianistas, <\/strong><br \/>\n<strong>Universidad de Illinois, Urbana-Champaign,<\/strong><br \/>\n<strong>10 a 14 de agosto de 2001 <\/strong><br \/>\n<strong>Historia y violencia en Colombia<\/strong><\/p>\n<p style=\"padding-left: 30px;\"><strong>Ponencias<br \/>\n<\/strong>\u2022 <a href=\"\/wordpress\/wp-content\/themes\/pleasant\/REC\/REC%2023-24\/Ponencias\/2.REC_23-24_ReinaldoBarbosa.pdf\" target=\"_blank\" rel=\"noopener\">Globalizaci\u00f3n, cultura pol\u00edtica y tensiones fronterizas. De la geopol\u00edtica del Amazonas al Plan Colombia.<\/a> Reinaldo Barbosa Estepa<\/p>\n<p style=\"padding-left: 30px;\">\u2022 <a href=\"\/wordpress\/wp-content\/themes\/pleasant\/REC\/REC%2023-24\/Ponencias\/3.REC_23-24_HerbertBraun.pdf\" target=\"_blank\" rel=\"noopener\">C\u00f3ndores de ayer y de hoy. De como recuperar la violencia colombiana.<\/a> Herbert Tico Brown<\/p>\n<p style=\"padding-left: 30px;\">\u2022 <a href=\"\/wordpress\/wp-content\/themes\/pleasant\/REC\/REC%2023-24\/Ponencias\/4.REC_23-24_RobertoGonzalez.pdf\" target=\"_blank\" rel=\"noopener\">El proceso de paz en Colombia y su dimensi\u00f3n internacional.<\/a> Roberto Gonz\u00e1lez Arana<\/p>\n<p style=\"padding-left: 30px;\">\u2022 <a href=\"\/wordpress\/wp-content\/themes\/pleasant\/REC\/REC%2023-24\/Ponencias\/5.REC_23-24_JenniferHolmes.pdf\" target=\"_blank\" rel=\"noopener\">El Plan Colombia y la estabilidad democr\u00e1tica en Colombia.<\/a> Jennifer S. Holmes<\/p>\n<p style=\"padding-left: 30px;\">\u2022 <a href=\"\/wordpress\/wp-content\/themes\/pleasant\/REC\/REC%2023-24\/Ponencias\/6.REC_23-24_GuillermoHoyos.pdf\" target=\"_blank\" rel=\"noopener\">La \u00e9tica en Colombia en medio de violencia y ruptura del tejido social.<\/a> Guillermo Hoyos V\u00e1zquez<\/p>\n<p style=\"padding-left: 30px;\">\u2022 <a href=\"\/wordpress\/wp-content\/themes\/pleasant\/REC\/REC%2023-24\/Ponencias\/7.REC_23-24_KarlKohut.pdf\" target=\"_blank\" rel=\"noopener\">Reflexiones sobre la violencia pol\u00edtica. Complemento te\u00f3rico a los estudios de la violencia en la literatura colombiana.<\/a> Karl Kohut<\/p>\n<p style=\"padding-left: 30px;\">\u2022 <a href=\"\/wordpress\/wp-content\/themes\/pleasant\/REC\/REC%2023-24\/Ponencias\/8.REC_23-24_DianaRojas.pdf\" target=\"_blank\" rel=\"noopener\">El proceso de paz y el Plan Colombia en la prensa norteamericana.<\/a> Diana Marcela Rojas Rivera y Adolfo Le\u00f3n Atehort\u00faa<\/p>\n<p style=\"padding-left: 30px;\"><strong>Rese\u00f1as<\/strong><br \/>\n<a href=\"\/wordpress\/wp-content\/themes\/pleasant\/REC\/REC%2023-24\/Rese%c3%b1as\/9.REC_23-24_KarlKohutRes.pdf\" target=\"_blank\" rel=\"noopener\">\u00c1lvaro Pineda Botero, La f\u00e1bula y el desastre. Estudios cr\u00edticos sobre la novela colombiana, 1650-1931.<\/a> Karl Kohut<\/p>\n<p style=\"padding-left: 30px;\"><a href=\"\/wordpress\/wp-content\/themes\/pleasant\/REC\/REC%2023-24\/Cr%c3%a9ditos\/1.REC_23-24_Creditos.pdf\" target=\"_blank\" rel=\"noopener\"><strong>Cr\u00e9ditos<\/strong><\/a><\/p>\n","protected":false},"excerpt":{"rendered":"<p>2002 Memorias del XII Congreso de Colombianistas, Universidad de Illinois, Urbana-Champaign, 10 a 14 de agosto de 2001 Historia y violencia en Colombia Ponencias \u2022 Globalizaci\u00f3n, cultura pol\u00edtica y tensiones fronterizas. De la geopol\u00edtica del Amazonas al Plan Colombia. Reinaldo Barbosa Estepa \u2022 C\u00f3ndores de ayer y de hoy. De como recuperar la violencia colombiana. Herbert Tico Brown \u2022 El proceso de paz en Colombia y su dimensi\u00f3n internacional. Roberto Gonz\u00e1lez Arana \u2022 El Plan Colombia y la estabilidad democr\u00e1tica en Colombia. Jennifer S. Holmes \u2022 La \u00e9tica en Colombia en medio de violencia y ruptura del tejido social. Guillermo&#8230; <\/p>\n","protected":false},"author":20,"featured_media":0,"parent":52,"menu_order":0,"comment_status":"closed","ping_status":"closed","template":"template-no-sidebar.php","meta":{"footnotes":""},"class_list":["post-264","page","type-page","status-publish","hentry"],"_links":{"self":[{"href":"https:\/\/colombianistas.org\/wordpress\/index.php\/wp-json\/wp\/v2\/pages\/264"}],"collection":[{"href":"https:\/\/colombianistas.org\/wordpress\/index.php\/wp-json\/wp\/v2\/pages"}],"about":[{"href":"https:\/\/colombianistas.org\/wordpress\/index.php\/wp-json\/wp\/v2\/types\/page"}],"author":[{"embeddable":true,"href":"https:\/\/colombianistas.org\/wordpress\/index.php\/wp-json\/wp\/v2\/users\/20"}],"replies":[{"embeddable":true,"href":"https:\/\/colombianistas.org\/wordpress\/index.php\/wp-json\/wp\/v2\/comments?post=264"}],"version-history":[{"count":3,"href":"https:\/\/colombianistas.org\/wordpress\/index.php\/wp-json\/wp\/v2\/pages\/264\/revisions"}],"predecessor-version":[{"id":2715,"href":"https:\/\/colombianistas.org\/wordpress\/index.php\/wp-json\/wp\/v2\/pages\/264\/revisions\/2715"}],"up":[{"embeddable":true,"href":"https:\/\/colombianistas.org\/wordpress\/index.php\/wp-json\/wp\/v2\/pages\/52"}],"wp:attachment":[{"href":"https:\/\/colombianistas.org\/wordpress\/index.php\/wp-json\/wp\/v2\/media?parent=264"}],"curies":[{"name":"wp","href":"https:\/\/api.w.org\/{rel}","templated":true}]}}