{"id":28,"date":"2018-03-14T22:03:05","date_gmt":"2018-03-14T22:03:05","guid":{"rendered":"https:\/\/prometeo.work\/?page_id=28"},"modified":"2018-07-19T07:18:12","modified_gmt":"2018-07-19T02:18:12","slug":"quienes-somos","status":"publish","type":"page","link":"https:\/\/colombianistas.org\/wordpress\/index.php\/quienes-somos\/","title":{"rendered":"Qui\u00e9nes Somos"},"content":{"rendered":"<p>La <strong>Asociaci\u00f3n de Colombianistas<\/strong> es una organizaci\u00f3n acad\u00e9mica sin \u00e1nimo de lucro que cuenta con m\u00e1s de 200 acad\u00e9micos radicados en unos diez pa\u00edses diferentes, quienes realizan estudios acerca de Colombia en las \u00e1reas de humanidades y ciencias sociales.<\/p>\n<p>La Asociaci\u00f3n celebra un congreso bienal y publica la\u00a0<em><strong>Revista de Estudios Colombianos<\/strong><\/em>\u00a0dos veces al a\u00f1o.<\/p>\n<p>Fue fundada en 1984 y se ha convertido en una de las principales voces de la investigaci\u00f3n sobre Colombia para la comunidad acad\u00e9mica dentro y fuera del pa\u00eds.<\/p>\n<h5 style=\"text-align: center;\"><a href=\"https:\/\/colombianistas.org\/index.php\/category\/noticias\/\">Noticias<\/a>\u00a0 |\u00a0\u00a0<a href=\"https:\/\/colombianistas.org\/index.php\/quienes-somos\/junta-directiva\/\">Junta Directiva<\/a>\u00a0 |\u00a0\u00a0<a href=\"https:\/\/colombianistas.org\/index.php\/quienes-somos\/presidentes-anteriores\/\">Presidentes Anteriores<\/a>\u00a0 |\u00a0\u00a0<a href=\"https:\/\/colombianistas.org\/index.php\/bibliteca-colombianista\/memoria-de-la-asociacion\/\">Notas de Prensa<\/a><\/h5>\n<blockquote><p>La <strong>misi\u00f3n<\/strong> de <strong>Colombianistas<\/strong> es:<\/p>\n<ul>\n<li>Promover a nivel nacional e internacional el estudio de Colombia en las \u00e1reas de humanidades y ciencias sociales;<\/li>\n<li>Promover el conocimiento de Colombia, su sociedad y sus culturas;<\/li>\n<li>Divulgar la investigaci\u00f3n sobre Colombia a trav\u00e9s de la publicaci\u00f3n de la <strong><em>Revista de Estudios Colombianos<\/em>;<\/strong><\/li>\n<li>Organizar un congreso bienal, alternando sedes en Colombia y otros pa\u00edses;<\/li>\n<li>Promover la comunicaci\u00f3n e intercambio entre los miembros de <strong>Colombianistas<\/strong> a trav\u00e9s del bolet\u00edn y la p\u00e1gina web;<\/li>\n<li>Cooperar con instituciones p\u00fablicas y privadas que contribuyan a nuestra misi\u00f3n y administrar recursos con este fin.<\/li>\n<\/ul>\n<\/blockquote>\n<h5 style=\"text-align: center;\"><\/h5>\n<p>&nbsp;<\/p>\n","protected":false},"excerpt":{"rendered":"<p>La Asociaci\u00f3n de Colombianistas es una organizaci\u00f3n acad\u00e9mica sin \u00e1nimo de lucro que cuenta con m\u00e1s de 200 acad\u00e9micos radicados en unos diez pa\u00edses diferentes, quienes realizan estudios acerca de Colombia en las \u00e1reas de humanidades y ciencias sociales. La Asociaci\u00f3n celebra un congreso bienal y publica la\u00a0Revista de Estudios Colombianos\u00a0dos veces al a\u00f1o. Fue fundada en 1984 y se ha convertido en una de las principales voces de la investigaci\u00f3n sobre Colombia para la comunidad acad\u00e9mica dentro y fuera del pa\u00eds. Noticias\u00a0 |\u00a0\u00a0Junta Directiva\u00a0 |\u00a0\u00a0Presidentes Anteriores\u00a0 |\u00a0\u00a0Notas de Prensa La misi\u00f3n de Colombianistas es: Promover a nivel nacional e&#8230; <\/p>\n","protected":false},"author":20,"featured_media":0,"parent":0,"menu_order":0,"comment_status":"closed","ping_status":"closed","template":"template-no-sidebar.php","meta":{"footnotes":""},"class_list":["post-28","page","type-page","status-publish","hentry"],"_links":{"self":[{"href":"https:\/\/colombianistas.org\/wordpress\/index.php\/wp-json\/wp\/v2\/pages\/28"}],"collection":[{"href":"https:\/\/colombianistas.org\/wordpress\/index.php\/wp-json\/wp\/v2\/pages"}],"about":[{"href":"https:\/\/colombianistas.org\/wordpress\/index.php\/wp-json\/wp\/v2\/types\/page"}],"author":[{"embeddable":true,"href":"https:\/\/colombianistas.org\/wordpress\/index.php\/wp-json\/wp\/v2\/users\/20"}],"replies":[{"embeddable":true,"href":"https:\/\/colombianistas.org\/wordpress\/index.php\/wp-json\/wp\/v2\/comments?post=28"}],"version-history":[{"count":11,"href":"https:\/\/colombianistas.org\/wordpress\/index.php\/wp-json\/wp\/v2\/pages\/28\/revisions"}],"predecessor-version":[{"id":1297,"href":"https:\/\/colombianistas.org\/wordpress\/index.php\/wp-json\/wp\/v2\/pages\/28\/revisions\/1297"}],"wp:attachment":[{"href":"https:\/\/colombianistas.org\/wordpress\/index.php\/wp-json\/wp\/v2\/media?parent=28"}],"curies":[{"name":"wp","href":"https:\/\/api.w.org\/{rel}","templated":true}]}}