{"id":290,"date":"2018-05-20T10:40:24","date_gmt":"2018-05-20T05:40:24","guid":{"rendered":"https:\/\/prometeo.work\/?page_id=290"},"modified":"2023-10-03T04:54:02","modified_gmt":"2023-10-02T23:54:02","slug":"revista-de-estudios-colombianos-n16","status":"publish","type":"page","link":"https:\/\/colombianistas.org\/wordpress\/index.php\/revistas-anteriores\/revista-de-estudios-colombianos-n16\/","title":{"rendered":"REVISTA DE ESTUDIOS COLOMBIANOS N\u00b016"},"content":{"rendered":"<h6 style=\"padding-left: 30px;\">1996<\/h6>\n<p style=\"padding-left: 30px;\"><a href=\"https:\/\/colombianistas.org\/wordpress\/wp-content\/themes\/pleasant\/REC\/REC%2016\/El%20oficio%20de%20escritor\/2.REC_16_RobertoBurgosCantor.pdf\" target=\"_blank\" rel=\"noopener\"><strong>El oficio del escritor<\/strong><\/a><br \/>\nR con r cigarrro, r con r barril, r\u00e1pido ruedan los carros por los rieles del ferrrocarril. Roberto Burgos Cantor<\/p>\n<p style=\"padding-left: 30px;\"><strong>Art\u00edculos<br \/>\n\u2022 <\/strong><a href=\"\/wordpress\/wp-content\/themes\/pleasant\/REC\/REC%2016\/Art%c3%adculos\/3.REC_16_JoseMaGarciaSanchez.pdf\" target=\"_blank\" rel=\"noopener\">El nacionalhomosocialismo de Jos\u00e9 Mar\u00eda Vargas Villa en Ibis.<\/a> Jos\u00e9 Mar\u00eda Garc\u00eda S\u00e1nchez<\/p>\n<p style=\"padding-left: 30px;\">\u2022 <a href=\"\/wordpress\/wp-content\/themes\/pleasant\/REC\/REC%2016\/Art%c3%adculos\/4.REC_16_JoseCardonaLopez.pdf\" target=\"_blank\" rel=\"noopener\">La risa del cuervo o como el cuervo dicta verdades po\u00e9ticas en la historia de Am\u00e9rica.<\/a> Jos\u00e9 Cardona L\u00f3pez<\/p>\n<p style=\"padding-left: 30px;\">\u2022 <a href=\"\/wordpress\/wp-content\/themes\/pleasant\/REC\/REC%2016\/Art%c3%adculos\/5.REC_16_NelsonGonzalezOrtega.pdf\" target=\"_blank\" rel=\"noopener\">Formaci\u00f3n de la iconograf\u00eda nacional en el Colombiano: una lectura semi\u00f3tico social.<\/a> Nelson Gonz\u00e1lez Ortega<\/p>\n<p style=\"padding-left: 30px;\">\u2022 <a href=\"\/wordpress\/wp-content\/themes\/pleasant\/REC\/REC%2016\/Art%c3%adculos\/6.REC_16_OscarDiazOrtiz.pdf\" target=\"_blank\" rel=\"noopener\">\u00c1lvarez Gardeaz\u00e1bal: construcci\u00f3n del icono ideol\u00f3gico, su transgresi\u00f3n y castigo en El Divino.<\/a> \u00d3scar A. D\u00edaz-Ortiz<\/p>\n<p style=\"padding-left: 30px;\">\u2022 <a href=\"\/wordpress\/wp-content\/themes\/pleasant\/REC\/REC%2016\/Art%c3%adculos\/7.REC_16_HelenePouliquen.pdf\" target=\"_blank\" rel=\"noopener\">El horizonte cultural impl\u00edcito en La \u00faltima escala del Tramp Steamer, de \u00c1lvaro Mutis.<\/a> H\u00e9l\u00e8ne Pouliquen<\/p>\n<p style=\"padding-left: 30px;\"><strong>Notas<br \/>\n<\/strong><a href=\"\/wordpress\/wp-content\/themes\/pleasant\/REC\/REC%2016\/Notas\/8.REC_16_JonathanTittler.pdf\" target=\"_blank\" rel=\"noopener\">Ram\u00f3n Molinares Sarmiento, un hombre destinando a mentir.<\/a> Jonathan Tittler<\/p>\n<p style=\"padding-left: 30px;\"><strong>Rese\u00f1as<br \/>\n\u2022 <\/strong><a href=\"\/wordpress\/wp-content\/themes\/pleasant\/REC\/REC%2016\/Notas\/8.REC_16_JonathanTittler.pdf\" target=\"_blank\" rel=\"noopener\">\u00c1lvaro Pineda-Botero, C\u00e1rcel por amor.<\/a> Luc\u00eda Guerra Cunningham<\/p>\n<p style=\"padding-left: 30px;\">\u2022 <a href=\"\/wordpress\/wp-content\/themes\/pleasant\/REC\/REC%2016\/Rese%c3%b1as\/10.REC_16_HelenaAraujo.pdf\" target=\"_blank\" rel=\"noopener\">Luisa Ballesteros Rojas, La femme \u00e9crivain dans la societ\u00e9 latino-americaine.<\/a> Helena Ara\u00fajo<\/p>\n<p style=\"padding-left: 30px;\">\u2022 <a href=\"\/wordpress\/wp-content\/themes\/pleasant\/REC\/REC%2016\/Rese%c3%b1as\/11.REC_16_MMjaramillo.pdf\" target=\"_blank\" rel=\"noopener\">Fernando Vallejo. La Virgen de los sicarios.<\/a> Mar\u00eda Mercedes Jaramillo<\/p>\n<p style=\"padding-left: 30px;\">\u2022 <a href=\"\/wordpress\/wp-content\/themes\/pleasant\/REC\/REC%2016\/Rese%c3%b1as\/12.REC_16_DionisioViscarri.pdf\" target=\"_blank\" rel=\"noopener\">Philip Potdevin<\/a>, Metatr\u00f3n Dionisio Viscarri<\/p>\n<p style=\"padding-left: 30px;\">\u2022 <a href=\"\/wordpress\/wp-content\/themes\/pleasant\/REC\/REC%2016\/Rese%c3%b1as\/13.REC_16_GuillermoGarcia.pdf\" target=\"_blank\" rel=\"noopener\">Rafael Humberto Moreno-Dur\u00e1n, El caballero de la Invicta.<\/a> Guillermo Garc\u00eda-Corales<\/p>\n<p style=\"padding-left: 30px;\">\u2022 <a href=\"\/wordpress\/wp-content\/themes\/pleasant\/REC\/REC%2016\/Rese%c3%b1as\/14.REC_16_AngelaIRobledo.pdf\" target=\"_blank\" rel=\"noopener\">Fabio Lozano Uribe, En la ciudad no llueve todos los d\u00edas.<\/a> \u00c1ngela I. Robledo<\/p>\n<p style=\"padding-left: 30px;\">\u2022 <a href=\"\/wordpress\/wp-content\/themes\/pleasant\/REC\/REC%2016\/Rese%c3%b1as\/15.REC_16_RoxanaCortes.pdf\" target=\"_blank\" rel=\"noopener\">Julio Paredes, Sal\u00f3n J\u00fapiter.<\/a> Roxana K. Cort\u00e9s<\/p>\n<p style=\"padding-left: 30px;\">\u2022 <a href=\"\/wordpress\/wp-content\/themes\/pleasant\/REC\/REC%2016\/Rese%c3%b1as\/16.REC_16_BernardoENavia.pdf\" target=\"_blank\" rel=\"noopener\">J. Eduardo Jaramillo Zuluaga, El deseo y el decoro, Puntos de herej\u00eda en la novela colombiana.<\/a> Bernardo E. Navia-Lucero<\/p>\n<p style=\"padding-left: 30px;\"><strong>Entrevistas<\/strong><br \/>\n\u2022 <a href=\"\/wordpress\/wp-content\/themes\/pleasant\/REC\/REC%2016\/Entrevistas\/17.REC_16_EduardoGomezEntrevReyes.pdf\">Carlos Jos\u00e9 Reyes y el teatro colombiano.<\/a> Eduardo G\u00f3mez<\/p>\n<p style=\"padding-left: 30px;\"><a href=\"\/wordpress\/wp-content\/themes\/pleasant\/REC\/REC%2016\/Cr%c3%a9ditos\/1.REC_16_Creditos.pdf\" target=\"_blank\" rel=\"noopener\"><strong>Cr\u00e9ditos<\/strong><\/a><\/p>\n","protected":false},"excerpt":{"rendered":"<p>1996 El oficio del escritor R con r cigarrro, r con r barril, r\u00e1pido ruedan los carros por los rieles del ferrrocarril. Roberto Burgos Cantor Art\u00edculos \u2022 El nacionalhomosocialismo de Jos\u00e9 Mar\u00eda Vargas Villa en Ibis. Jos\u00e9 Mar\u00eda Garc\u00eda S\u00e1nchez \u2022 La risa del cuervo o como el cuervo dicta verdades po\u00e9ticas en la historia de Am\u00e9rica. Jos\u00e9 Cardona L\u00f3pez \u2022 Formaci\u00f3n de la iconograf\u00eda nacional en el Colombiano: una lectura semi\u00f3tico social. Nelson Gonz\u00e1lez Ortega \u2022 \u00c1lvarez Gardeaz\u00e1bal: construcci\u00f3n del icono ideol\u00f3gico, su transgresi\u00f3n y castigo en El Divino. \u00d3scar A. D\u00edaz-Ortiz \u2022 El horizonte cultural impl\u00edcito en La&#8230; <\/p>\n","protected":false},"author":20,"featured_media":0,"parent":52,"menu_order":0,"comment_status":"closed","ping_status":"closed","template":"template-no-sidebar.php","meta":{"footnotes":""},"class_list":["post-290","page","type-page","status-publish","hentry"],"_links":{"self":[{"href":"https:\/\/colombianistas.org\/wordpress\/index.php\/wp-json\/wp\/v2\/pages\/290"}],"collection":[{"href":"https:\/\/colombianistas.org\/wordpress\/index.php\/wp-json\/wp\/v2\/pages"}],"about":[{"href":"https:\/\/colombianistas.org\/wordpress\/index.php\/wp-json\/wp\/v2\/types\/page"}],"author":[{"embeddable":true,"href":"https:\/\/colombianistas.org\/wordpress\/index.php\/wp-json\/wp\/v2\/users\/20"}],"replies":[{"embeddable":true,"href":"https:\/\/colombianistas.org\/wordpress\/index.php\/wp-json\/wp\/v2\/comments?post=290"}],"version-history":[{"count":5,"href":"https:\/\/colombianistas.org\/wordpress\/index.php\/wp-json\/wp\/v2\/pages\/290\/revisions"}],"predecessor-version":[{"id":2707,"href":"https:\/\/colombianistas.org\/wordpress\/index.php\/wp-json\/wp\/v2\/pages\/290\/revisions\/2707"}],"up":[{"embeddable":true,"href":"https:\/\/colombianistas.org\/wordpress\/index.php\/wp-json\/wp\/v2\/pages\/52"}],"wp:attachment":[{"href":"https:\/\/colombianistas.org\/wordpress\/index.php\/wp-json\/wp\/v2\/media?parent=290"}],"curies":[{"name":"wp","href":"https:\/\/api.w.org\/{rel}","templated":true}]}}