{"id":3077,"date":"2024-07-17T08:39:53","date_gmt":"2024-07-17T03:39:53","guid":{"rendered":"https:\/\/colombianistas.org\/wordpress\/?page_id=3077"},"modified":"2024-07-19T19:40:41","modified_gmt":"2024-07-19T14:40:41","slug":"premio-asociacion-de-colombianistas-xxiii-congreso","status":"publish","type":"page","link":"https:\/\/colombianistas.org\/wordpress\/index.php\/premio-asociacion-de-colombianistas-xxiii-congreso\/","title":{"rendered":"Premio Asociaci\u00f3n de Colombianistas &#8211; XXIII Congreso"},"content":{"rendered":"\n<p>Queremos felicitar a todas las personas ganadoras de los Premios Asociaci\u00f3n Colombianistas, quienes con su dedicaci\u00f3n y pasi\u00f3n nos compartieron sus investigaciones y trabajos, ya sea en forma de libro o de tesis. <\/p>\n\n\n\n<p><\/p>\n\n\n\n<div class=\"wp-block-columns is-layout-flex wp-container-core-columns-is-layout-1 wp-block-columns-is-layout-flex\">\n<div class=\"wp-block-column is-vertically-aligned-top has-white-color has-vivid-red-background-color has-text-color has-background is-layout-flow wp-block-column-is-layout-flow\" style=\"font-size:19px\">\n<div style=\"height:30px\" aria-hidden=\"true\" class=\"wp-block-spacer\"><\/div>\n\n\n\n<p class=\"has-text-align-center has-medium-font-size\"><strong>Premio a Mejor Libro \u2013&nbsp;2021-2023&nbsp;<\/strong><\/p>\n\n\n\n<p class=\"has-text-align-center has-medium-font-size\"><strong>T\u00edtulo:<br><\/strong><em>Cartograf\u00edas cosmopolitas: Le\u00f3n de Greiff y<br>la tradici\u00f3n literaria<\/em><\/p>\n\n\n\n<p class=\"has-text-align-center has-medium-font-size\"><strong>A<\/strong><strong>UTOR\u00cdA<\/strong><strong>:&nbsp;<br><\/strong>Marco Ram\u00edrez Rojas<\/p>\n\n\n\n<div style=\"height:91px\" aria-hidden=\"true\" class=\"wp-block-spacer\"><\/div>\n<\/div>\n\n\n\n<div class=\"wp-block-column has-white-color has-vivid-red-background-color has-text-color has-background is-layout-flow wp-block-column-is-layout-flow\">\n<div style=\"height:30px\" aria-hidden=\"true\" class=\"wp-block-spacer\"><\/div>\n\n\n\n<p class=\"has-text-align-center has-medium-font-size\"><strong>Premio a mejor tesis de doctorado 2021-2023.&nbsp;<\/strong><\/p>\n\n\n\n<p class=\"has-text-align-center has-medium-font-size\"><strong>T\u00edtulo:<br><\/strong>\u00bfMonstruo o h\u00e9roe? Las representaciones art\u00edsticas de Pablo Escobar (noveles, canciones, artes pl\u00e1sticas)<\/p>\n\n\n\n<p class=\"has-text-align-center has-medium-font-size\"><strong>AUTOR\u00cdA:&nbsp;<br><\/strong>Fran\u00e7oise Bouvet<\/p>\n<\/div>\n<\/div>\n\n\n\n<div style=\"height:38px\" aria-hidden=\"true\" class=\"wp-block-spacer\"><\/div>\n\n\n\n<div class=\"wp-block-columns is-layout-flex wp-container-core-columns-is-layout-2 wp-block-columns-is-layout-flex\">\n<div class=\"wp-block-column has-white-color has-vivid-red-background-color has-text-color has-background is-layout-flow wp-block-column-is-layout-flow\">\n<div style=\"height:30px\" aria-hidden=\"true\" class=\"wp-block-spacer\"><\/div>\n\n\n\n<p class=\"has-text-align-center has-medium-font-size\"><strong>Premio a mejor tesis de doctorado 2021-2023.&nbsp;<\/strong><\/p>\n\n\n\n<p class=\"has-text-align-center has-medium-font-size\"><strong>T\u00edtulo:<br><\/strong><em>Tres novelas colombianas lidiando con la historia: de la transcripci\u00f3n a la reescritura (La carroza de Bol\u00edvar de Evelio Rosero, Tr\u00edptico de la infamia de Pablo Montoya y La forma de las ruinas de Juan Gabriel V\u00e1squez\u00a0<\/em><\/p>\n\n\n\n<p class=\"has-text-align-center has-medium-font-size\"><strong>AUTOR\u00cdA:\u00a0<br>Charles-\u00c9lie Le Goff<\/strong><\/p>\n<\/div>\n\n\n\n<div class=\"wp-block-column has-white-color has-vivid-red-background-color has-text-color has-background is-layout-flow wp-block-column-is-layout-flow\">\n<div style=\"height:30px\" aria-hidden=\"true\" class=\"wp-block-spacer\"><\/div>\n\n\n\n<p class=\"has-text-align-center has-medium-font-size\"><strong>Premio a mejor tesis de maestr\u00eda 2021-2023.<\/strong><\/p>\n\n\n\n<p class=\"has-text-align-center has-medium-font-size\"><strong>T\u00edtulo:<br><\/strong><em>El mundo y Colombia ante mis ojos: imaginarios y resistencias<\/em><br><em> socioculturales del metal <\/em><br><em>en las trayectorias de Masacre <\/em><br><em>y la Pestilencia (1970-2005)<\/em><\/p>\n\n\n\n<p class=\"has-text-align-center has-medium-font-size\"><strong>AUTOR\u00cdA:&nbsp;<br><\/strong>Fabi\u00e1n Arley Becerra Gonz\u00e1lez<\/p>\n<\/div>\n<\/div>\n\n\n\n<div style=\"height:16px\" aria-hidden=\"true\" class=\"wp-block-spacer\"><\/div>\n\n\n\n<div class=\"wp-block-columns is-layout-flex wp-container-core-columns-is-layout-3 wp-block-columns-is-layout-flex\">\n<div class=\"wp-block-column is-vertically-aligned-top has-white-color has-vivid-red-background-color has-text-color has-background is-layout-flow wp-block-column-is-layout-flow\" style=\"font-size:19px\">\n<div style=\"height:50px\" aria-hidden=\"true\" class=\"wp-block-spacer\"><\/div>\n\n\n\n<p class=\"has-text-align-center has-medium-font-size\"><strong>MENCIONES DE HONOR 2021-2023<\/strong><\/p>\n<ul>\n<li style=\"list-style-type: none;\">\n<ul>\n<li style=\"text-align: left;\">MEJOR LIBRO<br \/><em>Juan Gabriel V\u00e1squez: la distorsi\u00f3n deliberada\u00a0<\/em>de\u00a0<strong><strong>Jasper Vervaeke<\/strong><\/strong><\/li>\n<\/ul>\n<\/li>\n<\/ul>\n<p>\u00a0<\/p>\n<ul>\n<li style=\"list-style-type: none;\">\n<ul>\n<li class=\"has-text-align-center has-medium-font-size\" style=\"text-align: left;\">MEJOR TESIS DE MAESTR\u00cdA<br \/><em>Apocalipsis, extinci\u00f3n: dos novelas colombianas frente a algunas encrucijadas ecol\u00f3gicas de nuestro tiempo\u00a0<\/em>de\u00a0<strong><strong>Juan Jacobo Centanaro Barrera<\/strong><\/strong>\n<p>\u00a0<\/p>\n<\/li>\n<\/ul>\n<\/li>\n<\/ul>\n<\/div>\n\n\n\n<div style=\"height:16px\" aria-hidden=\"true\" class=\"wp-block-spacer\"><\/div>\n<\/div>\n","protected":false},"excerpt":{"rendered":"<p>Queremos felicitar a todas las personas ganadoras de los Premios Asociaci\u00f3n Colombianistas, quienes con su dedicaci\u00f3n y pasi\u00f3n nos compartieron sus investigaciones y trabajos, ya sea en forma de libro o de tesis. Premio a Mejor Libro \u2013&nbsp;2021-2023&nbsp; T\u00edtulo:Cartograf\u00edas cosmopolitas: Le\u00f3n de Greiff yla tradici\u00f3n literaria AUTOR\u00cdA:&nbsp;Marco Ram\u00edrez Rojas Premio a mejor tesis de doctorado 2021-2023.&nbsp; T\u00edtulo:\u00bfMonstruo o h\u00e9roe? Las representaciones art\u00edsticas de Pablo Escobar (noveles, canciones, artes pl\u00e1sticas) AUTOR\u00cdA:&nbsp;Fran\u00e7oise Bouvet Premio a mejor tesis de doctorado 2021-2023.&nbsp; T\u00edtulo:Tres novelas colombianas lidiando con la historia: de la transcripci\u00f3n a la reescritura (La carroza de Bol\u00edvar de Evelio Rosero, Tr\u00edptico de&#8230; <\/p>\n","protected":false},"author":20,"featured_media":0,"parent":0,"menu_order":0,"comment_status":"closed","ping_status":"closed","template":"template-full-width.php","meta":{"footnotes":""},"class_list":["post-3077","page","type-page","status-publish","hentry"],"_links":{"self":[{"href":"https:\/\/colombianistas.org\/wordpress\/index.php\/wp-json\/wp\/v2\/pages\/3077"}],"collection":[{"href":"https:\/\/colombianistas.org\/wordpress\/index.php\/wp-json\/wp\/v2\/pages"}],"about":[{"href":"https:\/\/colombianistas.org\/wordpress\/index.php\/wp-json\/wp\/v2\/types\/page"}],"author":[{"embeddable":true,"href":"https:\/\/colombianistas.org\/wordpress\/index.php\/wp-json\/wp\/v2\/users\/20"}],"replies":[{"embeddable":true,"href":"https:\/\/colombianistas.org\/wordpress\/index.php\/wp-json\/wp\/v2\/comments?post=3077"}],"version-history":[{"count":21,"href":"https:\/\/colombianistas.org\/wordpress\/index.php\/wp-json\/wp\/v2\/pages\/3077\/revisions"}],"predecessor-version":[{"id":3120,"href":"https:\/\/colombianistas.org\/wordpress\/index.php\/wp-json\/wp\/v2\/pages\/3077\/revisions\/3120"}],"wp:attachment":[{"href":"https:\/\/colombianistas.org\/wordpress\/index.php\/wp-json\/wp\/v2\/media?parent=3077"}],"curies":[{"name":"wp","href":"https:\/\/api.w.org\/{rel}","templated":true}]}}