{"id":316,"date":"2018-05-20T10:43:01","date_gmt":"2018-05-20T05:43:01","guid":{"rendered":"https:\/\/prometeo.work\/?page_id=316"},"modified":"2023-10-03T20:12:18","modified_gmt":"2023-10-03T15:12:18","slug":"revista-de-estudios-colombianos-n3","status":"publish","type":"page","link":"https:\/\/colombianistas.org\/wordpress\/index.php\/revistas-anteriores\/revista-de-estudios-colombianos-n3\/","title":{"rendered":"REVISTA DE ESTUDIOS COLOMBIANOS N\u00b03"},"content":{"rendered":"<h6 style=\"padding-left: 30px;\">1987<\/h6>\n<p style=\"padding-left: 30px;\"><strong><a href=\"\/wordpress\/wp-content\/themes\/pleasant\/REC\/REC%203\/El%20oficio%20del%20escritor\/2.REC_03_charry_lara.pdf\" target=\"_blank\" rel=\"noopener\">El oficio del escritor<\/a><br \/>\n<\/strong>Fernando Charry Lara<\/p>\n<p style=\"padding-left: 30px;\"><strong>Art\u00edculos<\/strong><br \/>\n\u2022 <a href=\"\/wordpress\/wp-content\/themes\/pleasant\/REC\/REC%203\/Art%c3%adculos\/3.REC_03_LeonLyday.pdf\" target=\"_blank\" rel=\"noopener\">El teatro colombiano en la primera mitad del siglo veinte.<\/a> Le\u00f3n F. Lyday<\/p>\n<p style=\"padding-left: 30px;\">\u2022 <a href=\"\/wordpress\/wp-content\/themes\/pleasant\/REC\/REC%203\/Art%c3%adculos\/4.REC_03_BruceMichaelBagley.pdf\" target=\"_blank\" rel=\"noopener\">Entre Macondo y El Dorado: Notas sobre la econom\u00eda pol\u00edtica de Colombia contempor\u00e1nea.<\/a> Bruce Michael Bagley.<\/p>\n<p style=\"padding-left: 30px;\"><strong>Notas<br \/>\n<\/strong>\u2022 <a href=\"\/wordpress\/wp-content\/themes\/pleasant\/REC\/REC%203\/Notas\/5.REC_03_JamesAlstrum.pdf\" target=\"_blank\" rel=\"noopener\">La s\u00e1tira pol\u00edtica de Luis Carlos L\u00f3pez.<\/a> James J. ALstrum.<\/p>\n<p style=\"padding-left: 30px;\">\u2022 <a href=\"\/wordpress\/wp-content\/themes\/pleasant\/REC\/REC%203\/Notas\/6.REC_03_NancyMcCarty.pdf\" target=\"_blank\" rel=\"noopener\">Las novelas de la costa colombiana: especulaciones hist\u00f3ricas.<\/a> Nancy McCarty y Seymour Menton<\/p>\n<p style=\"padding-left: 30px;\">\u2022 <a href=\"\/wordpress\/wp-content\/themes\/pleasant\/REC\/REC%203\/Notas\/7.REC_03_KohnSheahan.pdf\" target=\"_blank\" rel=\"noopener\">La econom\u00eda colombiana.<\/a> Kohn Sheahan<\/p>\n<p style=\"padding-left: 30px;\"><strong>Rese\u00f1as<br \/>\n<\/strong>\u2022 <a href=\"\/wordpress\/wp-content\/themes\/pleasant\/REC\/REC%203\/Rese%c3%b1as\/8.%20REC_03_JLeonHelguera.pdf\" target=\"_blank\" rel=\"noopener\">Gerardo Andrade Gonz\u00e1lez. Obras selectas.<\/a> J. Le\u00f3n Helguera.<\/p>\n<p style=\"padding-left: 30px;\">\u2022 <a href=\"\/wordpress\/wp-content\/themes\/pleasant\/REC\/REC%203\/Rese%c3%b1as\/9.REC_03_JoseMMarrero.pdf\" target=\"_blank\" rel=\"noopener\">Ana Mar\u00eda Cano. Entrevistas.<\/a> Jos\u00e9 M. Marrero Henr\u00edquez<\/p>\n<p style=\"padding-left: 30px;\">\u2022 <a href=\"\/wordpress\/wp-content\/themes\/pleasant\/REC\/REC%203\/Rese%c3%b1as\/10.REC_03_GeorgeRMcMurray.pdf\" target=\"_blank\" rel=\"noopener\">Gabriel Garc\u00eda M\u00e1rquez. La aventura de Miguel Lit\u00edn clandestino en Chile.<\/a> George R. McMurray<\/p>\n<p style=\"padding-left: 30px;\">\u2022 <a href=\"\/wordpress\/wp-content\/themes\/pleasant\/REC\/REC%203\/Rese%c3%b1as\/11.REC_03_EzbietaSklodowska.pdf\" target=\"_blank\" rel=\"noopener\">Juan Jos\u00e9 Hoyos. Tuyo es mi coraz\u00f3n.<\/a> Elzbieta Sklodowska<\/p>\n<p style=\"padding-left: 30px;\">\u2022 <a href=\"\/wordpress\/wp-content\/themes\/pleasant\/REC\/REC%203\/Rese%c3%b1as\/12.REC_03_GGomezOcampo.pdf\" target=\"_blank\" rel=\"noopener\">Oscar Collazos. Tal como el fuego fatuo.<\/a> Gilberto G\u00f3mez Ocampo<\/p>\n<p style=\"padding-left: 30px;\">\u2022 <a href=\"\/wordpress\/wp-content\/themes\/pleasant\/REC\/REC%203\/Rese%c3%b1as\/13.REC_03_MIsabelCampos.pdf\" target=\"_blank\" rel=\"noopener\">Laurence E. Prescott. Candelario Obeso y la iniciaci\u00f3n de la poes\u00eda negra en Colombia.<\/a> Mar\u00eda-Isabel Campos.<\/p>\n<p style=\"padding-left: 30px;\">\u2022 <a href=\"\/wordpress\/wp-content\/themes\/pleasant\/REC\/REC%203\/Rese%c3%b1as\/14.REC_03_GeorgeMcMurrayvargas.pdf\" target=\"_blank\" rel=\"noopener\">Germ\u00e1n Vargas. Sobre literatura colombiana.<\/a> George R. McMurray<\/p>\n<p style=\"padding-left: 30px;\"><strong>Entrevistas<br \/>\n\u2022 <\/strong><a href=\"\/wordpress\/wp-content\/themes\/pleasant\/REC\/REC%203\/Entrevistas\/15.REC_03_YolandaForero.pdf\" target=\"_blank\" rel=\"noopener\">Manuel Mej\u00eda Vallejo: investigador del lenguaje.<\/a> Yolanda Forero-Villegas<\/p>\n<p style=\"padding-left: 30px;\"><a href=\"\/wordpress\/wp-content\/themes\/pleasant\/REC\/REC%203\/Cr%c3%a9ditos\/1.REC_03_Creditos.pdf\" target=\"_blank\" rel=\"noopener\"><strong>Cr\u00e9ditos<\/strong><\/a><\/p>\n","protected":false},"excerpt":{"rendered":"<p>1987 El oficio del escritor Fernando Charry Lara Art\u00edculos \u2022 El teatro colombiano en la primera mitad del siglo veinte. Le\u00f3n F. Lyday \u2022 Entre Macondo y El Dorado: Notas sobre la econom\u00eda pol\u00edtica de Colombia contempor\u00e1nea. Bruce Michael Bagley. Notas \u2022 La s\u00e1tira pol\u00edtica de Luis Carlos L\u00f3pez. James J. ALstrum. \u2022 Las novelas de la costa colombiana: especulaciones hist\u00f3ricas. Nancy McCarty y Seymour Menton \u2022 La econom\u00eda colombiana. Kohn Sheahan Rese\u00f1as \u2022 Gerardo Andrade Gonz\u00e1lez. Obras selectas. J. Le\u00f3n Helguera. \u2022 Ana Mar\u00eda Cano. Entrevistas. Jos\u00e9 M. Marrero Henr\u00edquez \u2022 Gabriel Garc\u00eda M\u00e1rquez. La aventura de Miguel Lit\u00edn&#8230; <\/p>\n","protected":false},"author":20,"featured_media":0,"parent":52,"menu_order":0,"comment_status":"closed","ping_status":"closed","template":"template-no-sidebar.php","meta":{"footnotes":""},"class_list":["post-316","page","type-page","status-publish","hentry"],"_links":{"self":[{"href":"https:\/\/colombianistas.org\/wordpress\/index.php\/wp-json\/wp\/v2\/pages\/316"}],"collection":[{"href":"https:\/\/colombianistas.org\/wordpress\/index.php\/wp-json\/wp\/v2\/pages"}],"about":[{"href":"https:\/\/colombianistas.org\/wordpress\/index.php\/wp-json\/wp\/v2\/types\/page"}],"author":[{"embeddable":true,"href":"https:\/\/colombianistas.org\/wordpress\/index.php\/wp-json\/wp\/v2\/users\/20"}],"replies":[{"embeddable":true,"href":"https:\/\/colombianistas.org\/wordpress\/index.php\/wp-json\/wp\/v2\/comments?post=316"}],"version-history":[{"count":5,"href":"https:\/\/colombianistas.org\/wordpress\/index.php\/wp-json\/wp\/v2\/pages\/316\/revisions"}],"predecessor-version":[{"id":2721,"href":"https:\/\/colombianistas.org\/wordpress\/index.php\/wp-json\/wp\/v2\/pages\/316\/revisions\/2721"}],"up":[{"embeddable":true,"href":"https:\/\/colombianistas.org\/wordpress\/index.php\/wp-json\/wp\/v2\/pages\/52"}],"wp:attachment":[{"href":"https:\/\/colombianistas.org\/wordpress\/index.php\/wp-json\/wp\/v2\/media?parent=316"}],"curies":[{"name":"wp","href":"https:\/\/api.w.org\/{rel}","templated":true}]}}