{"id":320,"date":"2018-05-20T10:43:36","date_gmt":"2018-05-20T05:43:36","guid":{"rendered":"https:\/\/prometeo.work\/?page_id=320"},"modified":"2023-10-03T04:23:58","modified_gmt":"2023-10-02T23:23:58","slug":"revista-de-estudios-colombianos-n1","status":"publish","type":"page","link":"https:\/\/colombianistas.org\/wordpress\/index.php\/revistas-anteriores\/revista-de-estudios-colombianos-n1\/","title":{"rendered":"REVISTA DE ESTUDIOS COLOMBIANOS N\u00b01"},"content":{"rendered":"<h6 style=\"padding-left: 30px;\">1986<\/h6>\n<p style=\"padding-left: 30px;\"><strong>Art\u00edculos<br \/>\n<\/strong>\u2022 <a href=\"\/wordpress\/wp-content\/themes\/pleasant\/REC\/REC%201\/Art%c3%adculos\/2.REC_1_DavidWilliamFoster.pdf\" target=\"_blank\" rel=\"noopener\">Notes toward reading Juan Rodr\u00edguez Freyles El carnero: The image of the narrator.<\/a> David William Foster.<\/p>\n<p style=\"padding-left: 30px;\">\u2022 <a href=\"\/wordpress\/\/wp-content\/themes\/pleasant\/REC\/REC%201\/Art%c3%adculos\/3.REC_1_ElzebietaSklodowska.pdf\" target=\"_blank\" rel=\"noopener\">Pepe Botellas de Alvarez Gardeaz\u00e1bal: Iron\u00edas de un discurso hist\u00f3rico.<\/a> Elzbeta Sklodowska.<\/p>\n<p style=\"padding-left: 30px;\">\u2022 <a href=\"\/wordpress\/\/wp-content\/themes\/pleasant\/REC\/REC%201\/Art%c3%adculos\/4.REC_1_SharonKeefeUgalde.pdf\" target=\"_blank\" rel=\"noopener\">Between &#8220;in longer&#8221; and &#8220;not yet&#8221;: Womans space in Misia Se\u00f1ora.<\/a> Sharon Keefe Ugalde.<\/p>\n<p style=\"padding-left: 30px;\"><strong>Notas<br \/>\n\u2022 <\/strong><a href=\"\/wordpress\/wp-content\/themes\/pleasant\/REC\/REC%201\/Notas\/5.REC_1_KurtLevy.pdf\" target=\"_blank\" rel=\"noopener\">Marea de ratas. \u00bftestimonio de masa o dilema de individuo?<\/a> Kurt L. Levy.<\/p>\n<p style=\"padding-left: 30px;\">\u2022 <a href=\"\/wordpress\/wp-content\/themes\/pleasant\/REC\/REC%201\/Notas\/6.REC_1_RhondaBuchanan.pdf\" target=\"_blank\" rel=\"noopener\">Metamorphoses Revisited: The Myth of the Golden Age in Alvaro Pineda Boteros Transplante a Nueva York.<\/a> Rhonda Buchanan.<\/p>\n<p style=\"padding-left: 30px;\"><strong>Rese\u00f1as<br \/>\n<\/strong>\u2022\u00a0<a href=\"\/wordpress\/wp-content\/themes\/pleasant\/REC\/REC%201\/Rese%c3%b1as\/7.REC_1_EduardoJaramillo.pdf\" target=\"_blank\" rel=\"noopener\">Jorge Guzm\u00e1n. Diferencias latinoamericanas (Mistral, Carpentier, Garc\u00eda M\u00e1rquez, Puig).<\/a> Eduardo Jaramillo.<\/p>\n<p style=\"padding-left: 30px;\">\u2022 <a href=\"\/wordpress\/wp-content\/themes\/pleasant\/REC\/REC%201\/Rese%c3%b1as\/8.REC_1_RobertHDavis.pdf\" target=\"_blank\" rel=\"noopener\">Harvey F. Kline, Colombia: Portrait of Unity and Diversity. Boulder.<\/a> Robert H. Davis.<\/p>\n<p style=\"padding-left: 30px;\">\u2022 <a href=\"\/wordpress\/wp-content\/themes\/pleasant\/REC\/REC%201\/Rese%c3%b1as\/9.REC_1_ElizabethLowe.pdf\" target=\"_blank\" rel=\"noopener\">Jaime Manrique. Colombian Gold.<\/a> Elizabeth Lowe.<\/p>\n<p style=\"padding-left: 30px;\">\u2022 <a href=\"\/wordpress\/wp-content\/themes\/pleasant\/REC\/REC%201\/Rese%c3%b1as\/10.REC_1_EduardoJaramillo2.pdf\" target=\"_blank\" rel=\"noopener\">Rafael Humberto Moreno-Dur\u00e1n. Finale capriccioso con madonna.<\/a> Eduardo Jaramillo.<\/p>\n<p style=\"padding-left: 30px;\">\u2022 <a href=\"\/wordpress\/wp-content\/themes\/pleasant\/REC\/REC%201\/Rese%c3%b1as\/11.REC_1_RobertSims.pdf\" target=\"_blank\" rel=\"noopener\">Michael Palencia-Roth. Gabriel Garc\u00eda M\u00e1rquez. La l\u00ednea, el c\u00edrculo y las metamorfosis del mito.<\/a> Robert Sims.<\/p>\n<p style=\"padding-left: 30px;\">\u2022 <a href=\"\/wordpress\/wp-content\/themes\/pleasant\/REC\/REC%201\/Rese%c3%b1as\/12.REC_1_RobertHDavis.pdf\" target=\"_blank\" rel=\"noopener\">Simon Bolivar, The Great Liberator (Film).<\/a> Robert H. Davis.<\/p>\n<p style=\"padding-left: 30px;\">\u2022 <a href=\"\/wordpress\/wp-content\/themes\/pleasant\/REC\/REC%201\/Rese%c3%b1as\/13.REC_1_RaymondWilliams.pdf\" target=\"_blank\" rel=\"noopener\">Raymond L. Williams, editor. Ensayos de literatura colombiana.<\/a> Gilberto G\u00f3mez O.<\/p>\n<p style=\"padding-left: 30px;\"><strong>Entrevistas<br \/>\n<\/strong>\u2022 <a href=\"\/wordpress\/wp-content\/themes\/pleasant\/REC\/REC%201\/Entrevistas\/14.REC_1_GilbertoGomezEntresvista1.pdf\" target=\"_blank\" rel=\"noopener\">Entrevista a Alonso Aristiz\u00e1bal.<\/a> Gilberto G\u00f3mez Ocampo.<\/p>\n<p style=\"padding-left: 30px;\">\u2022 <a href=\"\/wordpress\/wp-content\/themes\/pleasant\/REC\/REC%201\/Entrevistas\/15.REC_1_GilbertoGomezEntrevista2.pdf\" target=\"_blank\" rel=\"noopener\">Entrevista con Gustavo Alvarez Gardeaz\u00e1bal.<\/a> Gilberto G\u00f3mez Ocampo.<\/p>\n<p style=\"padding-left: 30px;\"><a href=\"\/wordpress\/wp-content\/themes\/pleasant\/REC\/REC%201\/Cr%c3%a9ditos\/1.REC_1_Creditos.pdf\" target=\"_blank\" rel=\"noopener\"><strong>Cr\u00e9ditos<\/strong><\/a><\/p>\n","protected":false},"excerpt":{"rendered":"<p>1986 Art\u00edculos \u2022 Notes toward reading Juan Rodr\u00edguez Freyles El carnero: The image of the narrator. David William Foster. \u2022 Pepe Botellas de Alvarez Gardeaz\u00e1bal: Iron\u00edas de un discurso hist\u00f3rico. Elzbeta Sklodowska. \u2022 Between &#8220;in longer&#8221; and &#8220;not yet&#8221;: Womans space in Misia Se\u00f1ora. Sharon Keefe Ugalde. Notas \u2022 Marea de ratas. \u00bftestimonio de masa o dilema de individuo? Kurt L. Levy. \u2022 Metamorphoses Revisited: The Myth of the Golden Age in Alvaro Pineda Boteros Transplante a Nueva York. Rhonda Buchanan. Rese\u00f1as \u2022\u00a0Jorge Guzm\u00e1n. Diferencias latinoamericanas (Mistral, Carpentier, Garc\u00eda M\u00e1rquez, Puig). Eduardo Jaramillo. \u2022 Harvey F. Kline, Colombia: Portrait of&#8230; <\/p>\n","protected":false},"author":20,"featured_media":0,"parent":52,"menu_order":0,"comment_status":"closed","ping_status":"closed","template":"template-no-sidebar.php","meta":{"footnotes":""},"class_list":["post-320","page","type-page","status-publish","hentry"],"_links":{"self":[{"href":"https:\/\/colombianistas.org\/wordpress\/index.php\/wp-json\/wp\/v2\/pages\/320"}],"collection":[{"href":"https:\/\/colombianistas.org\/wordpress\/index.php\/wp-json\/wp\/v2\/pages"}],"about":[{"href":"https:\/\/colombianistas.org\/wordpress\/index.php\/wp-json\/wp\/v2\/types\/page"}],"author":[{"embeddable":true,"href":"https:\/\/colombianistas.org\/wordpress\/index.php\/wp-json\/wp\/v2\/users\/20"}],"replies":[{"embeddable":true,"href":"https:\/\/colombianistas.org\/wordpress\/index.php\/wp-json\/wp\/v2\/comments?post=320"}],"version-history":[{"count":4,"href":"https:\/\/colombianistas.org\/wordpress\/index.php\/wp-json\/wp\/v2\/pages\/320\/revisions"}],"predecessor-version":[{"id":2692,"href":"https:\/\/colombianistas.org\/wordpress\/index.php\/wp-json\/wp\/v2\/pages\/320\/revisions\/2692"}],"up":[{"embeddable":true,"href":"https:\/\/colombianistas.org\/wordpress\/index.php\/wp-json\/wp\/v2\/pages\/52"}],"wp:attachment":[{"href":"https:\/\/colombianistas.org\/wordpress\/index.php\/wp-json\/wp\/v2\/media?parent=320"}],"curies":[{"name":"wp","href":"https:\/\/api.w.org\/{rel}","templated":true}]}}