{"id":56,"date":"2018-03-14T22:09:40","date_gmt":"2018-03-14T22:09:40","guid":{"rendered":"https:\/\/prometeo.work\/?page_id=56"},"modified":"2022-10-25T00:36:38","modified_gmt":"2022-10-24T19:36:38","slug":"congresos-pasados","status":"publish","type":"page","link":"https:\/\/colombianistas.org\/wordpress\/index.php\/congresos\/congresos-pasados\/","title":{"rendered":"Congresos anteriores"},"content":{"rendered":"<p><img loading=\"lazy\" decoding=\"async\" class=\"alignnone size-medium wp-image-1838\" src=\"https:\/\/colombianistas.org\/wp-content\/uploads\/2021\/04\/Afiche-Asociaci\u00f3n-de-Colombianistas-1-219x300.png\" alt=\"\" width=\"219\" height=\"300\" srcset=\"https:\/\/colombianistas.org\/wordpress\/wp-content\/uploads\/2021\/04\/Afiche-Asociaci\u00f3n-de-Colombianistas-1-219x300.png 219w, https:\/\/colombianistas.org\/wordpress\/wp-content\/uploads\/2021\/04\/Afiche-Asociaci\u00f3n-de-Colombianistas-1-768x1052.png 768w, https:\/\/colombianistas.org\/wordpress\/wp-content\/uploads\/2021\/04\/Afiche-Asociaci\u00f3n-de-Colombianistas-1-748x1024.png 748w, https:\/\/colombianistas.org\/wordpress\/wp-content\/uploads\/2021\/04\/Afiche-Asociaci\u00f3n-de-Colombianistas-1.png 1532w\" sizes=\"(max-width: 219px) 100vw, 219px\" \/><\/p>\n<p>\u2022 XXII Congreso de la Asociaci\u00f3n de Colombianistas<br \/><strong>\u201cColombias diversas: comunidades al margen\u201d<\/strong><br \/>Congreso virtual, octubre 13-15 de 2021<\/p>\n<p><a href=\"https:\/\/colombianistas.org\/wp-content\/uploads\/2021\/10\/Programa-interactivo.pdf\"><em>-ver programa-<\/em><\/a><\/p>\n<hr \/>\n<p>\u00a0<\/p>\n<p><img loading=\"lazy\" decoding=\"async\" class=\"alignnone size-medium wp-image-1374\" src=\"https:\/\/colombianistas.org\/wp-content\/uploads\/2018\/08\/Afiche-Final-194x300.jpg\" alt=\"\" width=\"194\" height=\"300\" srcset=\"https:\/\/colombianistas.org\/wordpress\/wp-content\/uploads\/2018\/08\/Afiche-Final-194x300.jpg 194w, https:\/\/colombianistas.org\/wordpress\/wp-content\/uploads\/2018\/08\/Afiche-Final-768x1187.jpg 768w, https:\/\/colombianistas.org\/wordpress\/wp-content\/uploads\/2018\/08\/Afiche-Final-663x1024.jpg 663w, https:\/\/colombianistas.org\/wordpress\/wp-content\/uploads\/2018\/08\/Afiche-Final.jpg 1500w\" sizes=\"(max-width: 194px) 100vw, 194px\" \/><\/p>\n<p>\u2022 XXI Congreso de la Asociaci\u00f3n de Colombianistas<br \/><strong>\u201cTransiciones, desaf\u00edos y encrucijadas\u201d<\/strong><br \/>Universidad de los Andes, Bogot\u00e1, julio 15-17 de 2019<\/p>\n<p><a href=\"https:\/\/colombianistas.org\/wp-content\/uploads\/2019\/07\/Programa-de-mano-Colombianistas-FINAL.pdf\"><em>-ver programa-<\/em><\/a><br \/><a href=\"https:\/\/colombianistas.org\/index.php\/congreso-xxi\/\">Ponencias<\/a><\/p>\n<hr \/>\n<p><img loading=\"lazy\" decoding=\"async\" class=\"alignnone wp-image-453 size-medium\" src=\"https:\/\/colombianistas.org\/wp-content\/uploads\/2018\/07\/01-Afiche-XX-colombianistas-194x300.jpg\" alt=\"\" width=\"194\" height=\"300\" srcset=\"https:\/\/colombianistas.org\/wordpress\/wp-content\/uploads\/2018\/07\/01-Afiche-XX-colombianistas-194x300.jpg 194w, https:\/\/colombianistas.org\/wordpress\/wp-content\/uploads\/2018\/07\/01-Afiche-XX-colombianistas.jpg 518w\" sizes=\"(max-width: 194px) 100vw, 194px\" \/><br \/>\u2022 XX Congreso de la Asociaci\u00f3n de Colombianistas<br \/><strong>\u201cColombias globales\u201d<\/strong><br \/>University of San Diego 3-5 de agosto de 2017<\/p>\n<p>El tema de \u201c<strong>Colombias globales<\/strong>\u201d convoc\u00f3 a <strong>120 ponentes<\/strong> de diversas universidades en Colombia, Estados Unidos, Canad\u00e1, M\u00e9xico, Cuba, Uruguay, Corea del Sur, Argentina, Gab\u00f3n, Espa\u00f1a, Francia, B\u00e9lgica, Chile, Reino Unido y Rep\u00fablica Checa, de manera que pudimos establecer di\u00e1logos fruct\u00edferos entre colegas. Fue muy positivo contar con la participaci\u00f3n de acad\u00e9micos en distintos estadios de su carrera, desde estudiantes de posgrado hasta profesores em\u00e9ritos, pues creemos que estos di\u00e1logos son muy enriquecedores para todos. La ciudad de San Diego fue un lugar propicio para discutir el cruce entre culturas y la University of San Diego nos acogi\u00f3 con generosidad.<\/p>\n<p><a href=\"\/wp-content\/uploads\/2018\/07\/01-Congreso-XX-2017-Programa.pdf\" target=\"_blank\" rel=\"noopener noreferrer\"><em>-ver programa-<\/em><\/a><br \/><a href=\"https:\/\/colombianistas.org\/index.php\/bibliteca-colombianista\/ponencias\/congreso-xx\/\">Ponencias<\/a><\/p>\n<hr \/>\n<p><img loading=\"lazy\" decoding=\"async\" class=\"alignnone wp-image-454 size-medium\" src=\"https:\/\/colombianistas.org\/wp-content\/uploads\/2018\/07\/02-Afiche-XIX-colombianistas-300x174.jpg\" alt=\"\" width=\"300\" height=\"174\" srcset=\"https:\/\/colombianistas.org\/wordpress\/wp-content\/uploads\/2018\/07\/02-Afiche-XIX-colombianistas-300x174.jpg 300w, https:\/\/colombianistas.org\/wordpress\/wp-content\/uploads\/2018\/07\/02-Afiche-XIX-colombianistas-768x445.jpg 768w, https:\/\/colombianistas.org\/wordpress\/wp-content\/uploads\/2018\/07\/02-Afiche-XIX-colombianistas.jpg 798w\" sizes=\"(max-width: 300px) 100vw, 300px\" \/><br \/>\u2022 XIX Congreso de la Asociaci\u00f3n de Colombianistas<br \/><strong>\u201cColombia: tradiciones y rupturas\u201d<\/strong><br \/>Universidad de Antioquia y Universidad EAFIT, 1-3 de julio de 2015<br \/><a href=\"\/wp-content\/uploads\/2018\/07\/02-Congreso-XIX-2015-Programa.pdf\" target=\"_blank\" rel=\"noopener noreferrer\"><em>-ver programa-<\/em><\/a><br \/><a href=\"https:\/\/colombianistas.org\/index.php\/bibliteca-colombianista\/ponencias\/congreso-xix\/\">Ponencias<\/a><\/p>\n<hr \/>\n<p><img loading=\"lazy\" decoding=\"async\" class=\"alignnone size-medium wp-image-455\" src=\"https:\/\/colombianistas.org\/wp-content\/uploads\/2018\/07\/03-Afiche-XVIII-colombianistas-142x300.jpg\" alt=\"\" width=\"142\" height=\"300\" srcset=\"https:\/\/colombianistas.org\/wordpress\/wp-content\/uploads\/2018\/07\/03-Afiche-XVIII-colombianistas-142x300.jpg 142w, https:\/\/colombianistas.org\/wordpress\/wp-content\/uploads\/2018\/07\/03-Afiche-XVIII-colombianistas.jpg 221w\" sizes=\"(max-width: 142px) 100vw, 142px\" \/><br \/>\u2022 XVIII Congreso de la Asociaci\u00f3n de Colombianistas<br \/><strong>\u201cLa mujer en Colombia\u201d<\/strong><br \/>Fitchburg State University , Regis College,\u00a0Massachusetts<br \/>10-13 de julio de 2013<br \/><a href=\"\/wp-content\/uploads\/2018\/07\/03-Congreso-XVIII-2013-Programa.pdf\" target=\"_blank\" rel=\"noopener noreferrer\"><em>-ver programa-<\/em><\/a><br \/><a href=\"https:\/\/colombianistas.org\/index.php\/bibliteca-colombianista\/ponencias\/congreso-xviii\/\">Ponencias<\/a><\/p>\n<hr \/>\n<p><img loading=\"lazy\" decoding=\"async\" class=\"alignnone size-medium wp-image-456\" src=\"https:\/\/colombianistas.org\/wp-content\/uploads\/2018\/07\/04-Afiche-XVII-colombianistas-300x201.jpg\" alt=\"\" width=\"300\" height=\"201\" srcset=\"https:\/\/colombianistas.org\/wordpress\/wp-content\/uploads\/2018\/07\/04-Afiche-XVII-colombianistas-300x201.jpg 300w, https:\/\/colombianistas.org\/wordpress\/wp-content\/uploads\/2018\/07\/04-Afiche-XVII-colombianistas.jpg 400w\" sizes=\"(max-width: 300px) 100vw, 300px\" \/><br \/>\u2022 XVII Congreso de la Asociaci\u00f3n de Colombianistas<br \/><strong>\u201cNarrar Colombia: Colombia narrada\u201d<\/strong><br \/>Universidad Industrial de Santander, 3 al 5 de agosto de 2011<br \/><a href=\"https:\/\/colombianistas.org\/index.php\/bibliteca-colombianista\/ponencias\/congreso-xvii\/\">Ponencias<\/a><\/p>\n<hr \/>\n<p>\u2022 XVI Congreso de la Asociaci\u00f3n de Colombianistas<br \/><strong>\u201c\u00bfEl progreso en Colombia? Pasado, presente y futuro\u201d<\/strong><br \/>University of Virginia, 4-7 de agosto de 2009<strong>\u00a0<\/strong><\/p>\n<hr \/>\n<p>\u2022 XV Congreso de la Asociaci\u00f3n Colombianistas<br \/><strong>\u201cIndependencias e independencias\u201d<\/strong><br \/>Universidad Nacional de Colombia, 4 al 7 de agosto de 2007<br \/><a href=\"https:\/\/colombianistas.org\/index.php\/bibliteca-colombianista\/ponencias\/congreso-xv\/\">Ponencias<\/a><\/p>\n<hr \/>\n<p>\u2022 XIV Congreso de la Asociaci\u00f3n de Colombianistas<br \/><strong>\u201cColombia: Tiempos de imaginaci\u00f3n y desaf\u00edo\u201d<\/strong><br \/>Denison University, 3\u00a0al\u00a06 de agosto de 2005<br \/><a href=\"\/wp-content\/uploads\/2018\/07\/07-Congreso-XIV-2005-Programa.pdf\" target=\"_blank\" rel=\"noopener noreferrer\"><em>-ver programa-<\/em><\/a><br \/><a href=\"https:\/\/colombianistas.org\/index.php\/bibliteca-colombianista\/ponencias\/congreso-xiv\/\">Ponencias<\/a><\/p>\n<hr \/>\n<p>\u2022 XIII Congreso de la Asociaci\u00f3n de Colombianistas<br \/><strong>\u2028\u201cColombia y el Caribe\u201d<\/strong><br \/>Universidad del Norte, Barranquilla Colombia, 12\u00a0al\u00a015 de agosto de 2003<\/p>\n","protected":false},"excerpt":{"rendered":"<p>\u2022 XXII Congreso de la Asociaci\u00f3n de Colombianistas\u201cColombias diversas: comunidades al margen\u201dCongreso virtual, octubre 13-15 de 2021 -ver programa- \u00a0 \u2022 XXI Congreso de la Asociaci\u00f3n de Colombianistas\u201cTransiciones, desaf\u00edos y encrucijadas\u201dUniversidad de los Andes, Bogot\u00e1, julio 15-17 de 2019 -ver programa-Ponencias \u2022 XX Congreso de la Asociaci\u00f3n de Colombianistas\u201cColombias globales\u201dUniversity of San Diego 3-5 de agosto de 2017 El tema de \u201cColombias globales\u201d convoc\u00f3 a 120 ponentes de diversas universidades en Colombia, Estados Unidos, Canad\u00e1, M\u00e9xico, Cuba, Uruguay, Corea del Sur, Argentina, Gab\u00f3n, Espa\u00f1a, Francia, B\u00e9lgica, Chile, Reino Unido y Rep\u00fablica Checa, de manera que pudimos establecer di\u00e1logos fruct\u00edferos entre&#8230; <\/p>\n","protected":false},"author":20,"featured_media":0,"parent":32,"menu_order":0,"comment_status":"closed","ping_status":"closed","template":"template-no-sidebar.php","meta":{"footnotes":""},"class_list":["post-56","page","type-page","status-publish","hentry"],"_links":{"self":[{"href":"https:\/\/colombianistas.org\/wordpress\/index.php\/wp-json\/wp\/v2\/pages\/56"}],"collection":[{"href":"https:\/\/colombianistas.org\/wordpress\/index.php\/wp-json\/wp\/v2\/pages"}],"about":[{"href":"https:\/\/colombianistas.org\/wordpress\/index.php\/wp-json\/wp\/v2\/types\/page"}],"author":[{"embeddable":true,"href":"https:\/\/colombianistas.org\/wordpress\/index.php\/wp-json\/wp\/v2\/users\/20"}],"replies":[{"embeddable":true,"href":"https:\/\/colombianistas.org\/wordpress\/index.php\/wp-json\/wp\/v2\/comments?post=56"}],"version-history":[{"count":22,"href":"https:\/\/colombianistas.org\/wordpress\/index.php\/wp-json\/wp\/v2\/pages\/56\/revisions"}],"predecessor-version":[{"id":2468,"href":"https:\/\/colombianistas.org\/wordpress\/index.php\/wp-json\/wp\/v2\/pages\/56\/revisions\/2468"}],"up":[{"embeddable":true,"href":"https:\/\/colombianistas.org\/wordpress\/index.php\/wp-json\/wp\/v2\/pages\/32"}],"wp:attachment":[{"href":"https:\/\/colombianistas.org\/wordpress\/index.php\/wp-json\/wp\/v2\/media?parent=56"}],"curies":[{"name":"wp","href":"https:\/\/api.w.org\/{rel}","templated":true}]}}